Last updated on 2021-11-01 00:49:39 CET.
Flavor | Version | Tinstall | Tcheck | Ttotal | Status | Flags |
---|---|---|---|---|---|---|
r-devel-linux-x86_64-debian-clang | 0.3.2 | 3.72 | 30.69 | 34.41 | NOTE | |
r-devel-linux-x86_64-debian-gcc | 0.3.2 | 2.97 | 24.48 | 27.45 | NOTE | |
r-devel-linux-x86_64-fedora-clang | 0.3.2 | 54.95 | NOTE | |||
r-devel-linux-x86_64-fedora-gcc | 0.3.2 | 42.38 | NOTE | |||
r-devel-windows-x86_64 | 0.3.2 | 6.00 | 50.00 | 56.00 | NOTE | |
r-devel-windows-x86_64-gcc10-UCRT | 0.3.2 | NOTE | ||||
r-patched-linux-x86_64 | 0.3.2 | 3.41 | 30.76 | 34.17 | NOTE | |
r-patched-solaris-x86 | 0.3.2 | 65.00 | NOTE | |||
r-release-linux-x86_64 | 0.3.2 | 3.87 | 30.28 | 34.15 | NOTE | |
r-release-macos-arm64 | 0.3.2 | NOTE | ||||
r-release-macos-x86_64 | 0.3.2 | NOTE | ||||
r-release-windows-ix86+x86_64 | 0.3.2 | 5.00 | 35.00 | 40.00 | NOTE | |
r-oldrel-macos-x86_64 | 0.3.2 | OK | ||||
r-oldrel-windows-ix86+x86_64 | 0.3.2 | 7.00 | 46.00 | 53.00 | OK |
Version: 0.3.2
Check: LazyData
Result: NOTE
'LazyData' is specified without a 'data' directory
Flavors: r-devel-linux-x86_64-debian-clang, r-devel-linux-x86_64-debian-gcc, r-devel-linux-x86_64-fedora-clang, r-devel-linux-x86_64-fedora-gcc, r-devel-windows-x86_64, r-devel-windows-x86_64-gcc10-UCRT, r-patched-linux-x86_64, r-patched-solaris-x86, r-release-linux-x86_64, r-release-macos-arm64, r-release-macos-x86_64, r-release-windows-ix86+x86_64