Last updated on 2021-11-01 00:49:39 CET.
Flavor | Version | Tinstall | Tcheck | Ttotal | Status | Flags |
---|---|---|---|---|---|---|
r-devel-linux-x86_64-debian-clang | 0.2.0 | 6.29 | 79.89 | 86.18 | OK | |
r-devel-linux-x86_64-debian-gcc | 0.2.0 | 5.08 | 60.10 | 65.18 | OK | |
r-devel-linux-x86_64-fedora-clang | 0.2.0 | 114.69 | NOTE | |||
r-devel-linux-x86_64-fedora-gcc | 0.2.0 | 101.15 | NOTE | |||
r-devel-windows-x86_64 | 0.2.0 | 11.00 | 109.00 | 120.00 | OK | |
r-devel-windows-x86_64-gcc10-UCRT | 0.2.0 | NOTE | ||||
r-patched-linux-x86_64 | 0.2.0 | 6.54 | 75.89 | 82.43 | OK | |
r-patched-solaris-x86 | 0.2.0 | 100.20 | NOTE | |||
r-release-linux-x86_64 | 0.2.0 | 6.66 | 74.97 | 81.63 | OK | |
r-release-macos-arm64 | 0.2.0 | NOTE | ||||
r-release-macos-x86_64 | 0.2.0 | NOTE | ||||
r-release-windows-ix86+x86_64 | 0.2.0 | 10.00 | 83.00 | 93.00 | OK |
Version: 0.2.0
Check: dependencies in R code
Result: NOTE
Namespaces in Imports field not imported from:
‘pipeR’ ‘rlang’
All declared Imports should be used.
Flavors: r-devel-linux-x86_64-fedora-clang, r-devel-linux-x86_64-fedora-gcc, r-devel-windows-x86_64-gcc10-UCRT, r-patched-solaris-x86, r-release-macos-arm64, r-release-macos-x86_64