Last updated on 2021-11-01 00:49:39 CET.
Flavor | Version | Tinstall | Tcheck | Ttotal | Status | Flags |
---|---|---|---|---|---|---|
r-devel-linux-x86_64-debian-clang | 1.4.0 | 13.63 | 176.13 | 189.76 | NOTE | |
r-devel-linux-x86_64-debian-gcc | 1.4.0 | 10.57 | 128.83 | 139.40 | NOTE | |
r-devel-linux-x86_64-fedora-clang | 1.4.0 | 241.68 | NOTE | |||
r-devel-linux-x86_64-fedora-gcc | 1.4.0 | 226.66 | NOTE | |||
r-devel-windows-x86_64 | 1.4.0 | 23.00 | 233.00 | 256.00 | NOTE | |
r-devel-windows-x86_64-gcc10-UCRT | 1.4.0 | NOTE | ||||
r-patched-linux-x86_64 | 1.4.0 | 14.48 | 176.37 | 190.85 | NOTE | |
r-patched-solaris-x86 | 1.4.0 | 215.60 | NOTE | |||
r-release-linux-x86_64 | 1.4.0 | 13.24 | 173.50 | 186.74 | NOTE | |
r-release-macos-arm64 | 1.4.0 | NOTE | ||||
r-release-macos-x86_64 | 1.4.0 | NOTE | ||||
r-release-windows-ix86+x86_64 | 1.4.0 | 19.00 | 174.00 | 193.00 | NOTE | |
r-oldrel-macos-x86_64 | 1.4.0 | OK | ||||
r-oldrel-windows-ix86+x86_64 | 1.4.0 | 21.00 | 231.00 | 252.00 | OK |
Version: 1.4.0
Check: LazyData
Result: NOTE
'LazyData' is specified without a 'data' directory
Flavors: r-devel-linux-x86_64-debian-clang, r-devel-linux-x86_64-debian-gcc, r-devel-linux-x86_64-fedora-clang, r-devel-linux-x86_64-fedora-gcc, r-devel-windows-x86_64, r-devel-windows-x86_64-gcc10-UCRT, r-patched-linux-x86_64, r-patched-solaris-x86, r-release-linux-x86_64, r-release-macos-arm64, r-release-macos-x86_64, r-release-windows-ix86+x86_64