CRAN Package Check Results for Package gesso

Last updated on 2021-11-01 00:49:39 CET.

Flavor Version Tinstall Tcheck Ttotal Status Flags
r-devel-linux-x86_64-debian-clang 1.0.1 151.36 189.37 340.73 OK
r-devel-linux-x86_64-debian-gcc 1.0.1 133.76 150.43 284.19 OK
r-devel-linux-x86_64-fedora-clang 1.0.1 501.54 NOTE
r-devel-linux-x86_64-fedora-gcc 1.0.1 489.78 OK
r-devel-windows-x86_64 1.0.1 178.00 207.00 385.00 OK
r-devel-windows-x86_64-gcc10-UCRT 1.0.1 OK
r-patched-linux-x86_64 1.0.1 156.34 194.21 350.55 OK
r-patched-solaris-x86 1.0.1 327.40 OK
r-release-linux-x86_64 1.0.1 151.00 188.42 339.42 OK
r-release-macos-arm64 1.0.1 WARN
r-release-macos-x86_64 1.0.1 NOTE
r-release-windows-ix86+x86_64 1.0.1 239.00 203.00 442.00 OK
r-oldrel-macos-x86_64 1.0.1 NOTE
r-oldrel-windows-ix86+x86_64 1.0.1 256.00 269.00 525.00 OK

Additional issues

M1mac

Check Details

Version: 1.0.1
Check: installed package size
Result: NOTE
     installed size is 33.5Mb
     sub-directories of 1Mb or more:
     libs 33.2Mb
Flavors: r-devel-linux-x86_64-fedora-clang, r-release-macos-arm64, r-release-macos-x86_64, r-oldrel-macos-x86_64

Version: 1.0.1
Check: re-building of vignette outputs
Result: WARN
    Error(s) in re-building vignettes:
    --- re-building ‘vignette.Rmd’ using rmarkdown
    Loading required package: dplyr
    
    Attaching package: 'dplyr'
    
    The following objects are masked from 'package:stats':
    
     filter, lag
    
    The following objects are masked from 'package:base':
    
     intersect, setdiff, setequal, union
    
    Loading required package: Matrix
    Loaded glmnet 4.1-2
    Quitting from lines 277-294 (vignette.Rmd)
    Error: processing vignette 'vignette.Rmd' failed with diagnostics:
    'from' must be a finite number
    --- failed re-building ‘vignette.Rmd’
    
    SUMMARY: processing the following file failed:
     ‘vignette.Rmd’
    
    Error: Vignette re-building failed.
    Execution halted
Flavor: r-release-macos-arm64