Last updated on 2021-11-01 00:49:39 CET.
Flavor | Version | Tinstall | Tcheck | Ttotal | Status | Flags |
---|---|---|---|---|---|---|
r-devel-linux-x86_64-debian-clang | 2.0.1 | 78.66 | 31.56 | 110.22 | OK | |
r-devel-linux-x86_64-debian-gcc | 2.0.1 | 64.09 | 25.11 | 89.20 | OK | |
r-devel-linux-x86_64-fedora-clang | 2.0.1 | 196.77 | NOTE | |||
r-devel-linux-x86_64-fedora-gcc | 2.0.1 | 168.84 | OK | |||
r-devel-windows-x86_64 | 2.0.1 | 105.00 | 65.00 | 170.00 | OK | |
r-devel-windows-x86_64-gcc10-UCRT | 2.0.1 | OK | ||||
r-patched-linux-x86_64 | 2.0.1 | 80.75 | 30.96 | 111.71 | OK | |
r-patched-solaris-x86 | 2.0.1 | 151.10 | OK | |||
r-release-linux-x86_64 | 2.0.1 | 78.37 | 31.56 | 109.93 | OK | |
r-release-macos-arm64 | 2.0.1 | NOTE | ||||
r-release-macos-x86_64 | 2.0.1 | NOTE | ||||
r-release-windows-ix86+x86_64 | 2.0.1 | 156.00 | 63.00 | 219.00 | OK | |
r-oldrel-macos-x86_64 | 2.0.1 | NOTE | ||||
r-oldrel-windows-ix86+x86_64 | 2.0.1 | 156.00 | 80.00 | 236.00 | OK |
Version: 2.0.1
Check: installed package size
Result: NOTE
installed size is 7.9Mb
sub-directories of 1Mb or more:
help 1.3Mb
libs 5.7Mb
Flavors: r-devel-linux-x86_64-fedora-clang, r-release-macos-arm64, r-release-macos-x86_64, r-oldrel-macos-x86_64