CRAN Package Check Results for Package geojsonR

Last updated on 2021-11-01 00:49:39 CET.

Flavor Version Tinstall Tcheck Ttotal Status Flags
r-devel-linux-x86_64-debian-clang 1.1.0 58.85 31.77 90.62 OK
r-devel-linux-x86_64-debian-gcc 1.1.0 46.21 25.32 71.53 OK
r-devel-linux-x86_64-fedora-clang 1.1.0 143.93 NOTE
r-devel-linux-x86_64-fedora-gcc 1.1.0 130.96 OK
r-devel-windows-x86_64 1.1.0 75.00 70.00 145.00 OK
r-devel-windows-x86_64-gcc10-UCRT 1.1.0 OK
r-patched-linux-x86_64 1.1.0 57.41 31.76 89.17 OK
r-patched-solaris-x86 1.1.0 120.00 OK
r-release-linux-x86_64 1.1.0 53.01 31.83 84.84 OK
r-release-macos-arm64 1.1.0 NOTE
r-release-macos-x86_64 1.1.0 NOTE
r-release-windows-ix86+x86_64 1.1.0 103.00 65.00 168.00 OK
r-oldrel-macos-x86_64 1.1.0 NOTE
r-oldrel-windows-ix86+x86_64 1.1.0 106.00 83.00 189.00 OK

Check Details

Version: 1.1.0
Check: installed package size
Result: NOTE
     installed size is 5.2Mb
     sub-directories of 1Mb or more:
     doc 1.3Mb
     libs 3.8Mb
Flavors: r-devel-linux-x86_64-fedora-clang, r-release-macos-arm64, r-release-macos-x86_64, r-oldrel-macos-x86_64