Last updated on 2021-11-01 00:49:39 CET.
Flavor | Version | Tinstall | Tcheck | Ttotal | Status | Flags |
---|---|---|---|---|---|---|
r-devel-linux-x86_64-debian-clang | 0.1.1 | 32.97 | 87.12 | 120.09 | NOTE | |
r-devel-linux-x86_64-debian-gcc | 0.1.1 | 22.05 | 65.80 | 87.85 | NOTE | |
r-devel-linux-x86_64-fedora-clang | 0.1.1 | 167.20 | NOTE | |||
r-devel-linux-x86_64-fedora-gcc | 0.1.1 | 148.56 | NOTE | |||
r-devel-windows-x86_64 | 0.1.1 | 44.00 | 118.00 | 162.00 | NOTE | |
r-devel-windows-x86_64-gcc10-UCRT | 0.1.1 | NOTE | ||||
r-patched-linux-x86_64 | 0.1.1 | 27.09 | 84.34 | 111.43 | NOTE | |
r-patched-solaris-x86 | 0.1.1 | 187.30 | NOTE | |||
r-release-linux-x86_64 | 0.1.1 | 29.67 | 86.12 | 115.79 | NOTE | |
r-release-macos-arm64 | 0.1.1 | NOTE | ||||
r-release-macos-x86_64 | 0.1.1 | NOTE | ||||
r-release-windows-ix86+x86_64 | 0.1.1 | 62.00 | 129.00 | 191.00 | NOTE | |
r-oldrel-macos-x86_64 | 0.1.1 | OK | ||||
r-oldrel-windows-ix86+x86_64 | 0.1.1 | 62.00 | 174.00 | 236.00 | NOTE |
Version: 0.1.1
Check: LazyData
Result: NOTE
'LazyData' is specified without a 'data' directory
Flavors: r-devel-linux-x86_64-debian-clang, r-devel-linux-x86_64-debian-gcc, r-devel-linux-x86_64-fedora-clang, r-devel-linux-x86_64-fedora-gcc, r-devel-windows-x86_64, r-devel-windows-x86_64-gcc10-UCRT, r-patched-linux-x86_64, r-patched-solaris-x86, r-release-linux-x86_64, r-release-macos-arm64, r-release-macos-x86_64, r-release-windows-ix86+x86_64
Version: 0.1.1
Check: installed package size
Result: NOTE
installed size is 5.2Mb
sub-directories of 1Mb or more:
extdata 3.1Mb
libs 2.0Mb
Flavors: r-release-windows-ix86+x86_64, r-oldrel-windows-ix86+x86_64