Last updated on 2021-11-01 00:49:39 CET.
Flavor | Version | Tinstall | Tcheck | Ttotal | Status | Flags |
---|---|---|---|---|---|---|
r-devel-linux-x86_64-debian-clang | 0.2.0 | 9.58 | 282.60 | 292.18 | OK | |
r-devel-linux-x86_64-debian-gcc | 0.2.0 | 7.99 | 199.50 | 207.49 | OK | |
r-devel-linux-x86_64-fedora-clang | 0.2.0 | 340.92 | NOTE | |||
r-devel-linux-x86_64-fedora-gcc | 0.2.0 | 324.82 | NOTE | |||
r-devel-windows-x86_64 | 0.2.0 | 16.00 | 314.00 | 330.00 | OK | |
r-devel-windows-x86_64-gcc10-UCRT | 0.2.0 | NOTE | ||||
r-patched-linux-x86_64 | 0.2.0 | 10.67 | 261.34 | 272.01 | OK | |
r-patched-solaris-x86 | 0.2.0 | 308.60 | NOTE | |||
r-release-linux-x86_64 | 0.2.0 | 9.32 | 262.61 | 271.93 | OK | |
r-release-macos-arm64 | 0.2.0 | NOTE | ||||
r-release-macos-x86_64 | 0.2.0 | NOTE | ||||
r-release-windows-ix86+x86_64 | 0.2.0 | 15.00 | 224.00 | 239.00 | OK | |
r-oldrel-macos-x86_64 | 0.2.0 | NOTE | ||||
r-oldrel-windows-ix86+x86_64 | 0.2.0 | 14.00 | 318.00 | 332.00 | OK |
Version: 0.2.0
Check: dependencies in R code
Result: NOTE
Namespace in Imports field not imported from: ‘sf’
All declared Imports should be used.
Flavors: r-devel-linux-x86_64-fedora-clang, r-devel-linux-x86_64-fedora-gcc, r-devel-windows-x86_64-gcc10-UCRT, r-patched-solaris-x86, r-release-macos-arm64, r-release-macos-x86_64, r-oldrel-macos-x86_64
Version: 0.2.0
Check: data for non-ASCII characters
Result: NOTE
Note: found 646 marked UTF-8 strings
Flavors: r-devel-linux-x86_64-fedora-clang, r-devel-linux-x86_64-fedora-gcc, r-devel-windows-x86_64-gcc10-UCRT, r-patched-solaris-x86, r-release-macos-arm64, r-release-macos-x86_64, r-oldrel-macos-x86_64