CRAN Package Check Results for Package geoR

Last updated on 2021-11-01 00:49:39 CET.

Flavor Version Tinstall Tcheck Ttotal Status Flags
r-devel-linux-x86_64-debian-clang 1.8-1 34.90 164.17 199.07 OK
r-devel-linux-x86_64-debian-gcc 1.8-1 23.54 121.54 145.08 OK
r-devel-linux-x86_64-fedora-clang 1.8-1 256.79 NOTE
r-devel-linux-x86_64-fedora-gcc 1.8-1 247.94 OK
r-devel-windows-x86_64 1.8-1 40.00 166.00 206.00 OK
r-devel-windows-x86_64-gcc10-UCRT 1.8-1 OK
r-patched-linux-x86_64 1.8-1 35.86 164.99 200.85 OK
r-patched-solaris-x86 1.8-1 302.60 OK
r-release-linux-x86_64 1.8-1 33.73 163.37 197.10 OK
r-release-macos-arm64 1.8-1 OK
r-release-macos-x86_64 1.8-1 OK
r-release-windows-ix86+x86_64 1.8-1 37.00 154.00 191.00 OK
r-oldrel-macos-x86_64 1.8-1 OK
r-oldrel-windows-ix86+x86_64 1.8-1 33.00 208.00 241.00 OK

Check Details

Version: 1.8-1
Check: Rd cross-references
Result: NOTE
    Undeclared package ‘car’ in Rd xrefs
Flavor: r-devel-linux-x86_64-fedora-clang