CRAN Package Check Results for Package genepop

Last updated on 2021-11-01 00:49:39 CET.

Flavor Version Tinstall Tcheck Ttotal Status Flags
r-devel-linux-x86_64-debian-clang 1.1.7 123.48 50.53 174.01 NOTE
r-devel-linux-x86_64-debian-gcc 1.1.7 100.88 32.55 133.43 NOTE
r-devel-linux-x86_64-fedora-clang 1.1.7 298.24 NOTE
r-devel-linux-x86_64-fedora-gcc 1.1.7 263.67 NOTE
r-devel-windows-x86_64 1.1.7 170.00 71.00 241.00 NOTE
r-devel-windows-x86_64-gcc10-UCRT 1.1.7 NOTE
r-patched-linux-x86_64 1.1.7 122.74 40.67 163.41 NOTE
r-patched-solaris-x86 1.1.7 229.90 NOTE
r-release-linux-x86_64 1.1.7 122.91 40.42 163.33 NOTE
r-release-macos-arm64 1.1.7 NOTE
r-release-macos-x86_64 1.1.7 NOTE
r-release-windows-ix86+x86_64 1.1.7 235.00 78.00 313.00 NOTE
r-oldrel-macos-x86_64 1.1.7 NOTE
r-oldrel-windows-ix86+x86_64 1.1.7 236.00 104.00 340.00 NOTE

Check Details

Version: 1.1.7
Check: LazyData
Result: NOTE
     'LazyData' is specified without a 'data' directory
Flavors: r-devel-linux-x86_64-debian-clang, r-devel-linux-x86_64-debian-gcc, r-devel-linux-x86_64-fedora-clang, r-devel-linux-x86_64-fedora-gcc, r-devel-windows-x86_64, r-devel-windows-x86_64-gcc10-UCRT, r-patched-linux-x86_64, r-patched-solaris-x86, r-release-linux-x86_64, r-release-macos-arm64, r-release-macos-x86_64, r-release-windows-ix86+x86_64

Version: 1.1.7
Check: installed package size
Result: NOTE
     installed size is 10.6Mb
     sub-directories of 1Mb or more:
     doc 1.0Mb
     libs 8.5Mb
Flavors: r-devel-linux-x86_64-fedora-clang, r-release-macos-arm64, r-release-macos-x86_64, r-release-windows-ix86+x86_64, r-oldrel-macos-x86_64, r-oldrel-windows-ix86+x86_64