CRAN Package Check Results for Package gaston

Last updated on 2021-11-01 00:49:39 CET.

Flavor Version Tinstall Tcheck Ttotal Status Flags
r-devel-linux-x86_64-debian-clang 1.5.7 675.59 113.49 789.08 OK
r-devel-linux-x86_64-debian-gcc 1.5.7 524.48 101.13 625.61 OK
r-devel-linux-x86_64-fedora-clang 1.5.7 1330.86 NOTE
r-devel-linux-x86_64-fedora-gcc 1.5.7 1164.71 OK
r-devel-windows-x86_64 1.5.7 809.00 175.00 984.00 NOTE
r-devel-windows-x86_64-gcc10-UCRT 1.5.7 OK
r-patched-linux-x86_64 1.5.7 610.75 128.11 738.86 OK
r-patched-solaris-x86 1.5.7 930.90 NOTE
r-release-linux-x86_64 1.5.7 618.08 126.59 744.67 OK
r-release-macos-arm64 1.5.7 NOTE
r-release-macos-x86_64 1.5.7 NOTE
r-release-windows-ix86+x86_64 1.5.7 1136.00 191.00 1327.00 NOTE
r-oldrel-macos-x86_64 1.5.7 NOTE
r-oldrel-windows-ix86+x86_64 1.5.7 1144.00 231.00 1375.00 NOTE

Check Details

Version: 1.5.7
Check: installed package size
Result: NOTE
     installed size is 72.0Mb
     sub-directories of 1Mb or more:
     extdata 1.6Mb
     libs 68.6Mb
Flavors: r-devel-linux-x86_64-fedora-clang, r-devel-windows-x86_64, r-patched-solaris-x86, r-release-macos-arm64, r-release-macos-x86_64, r-release-windows-ix86+x86_64, r-oldrel-macos-x86_64, r-oldrel-windows-ix86+x86_64

Version: 1.5.7
Check: Rd cross-references
Result: NOTE
    Undeclared package ‘RcppEigen’ in Rd xrefs
Flavor: r-devel-linux-x86_64-fedora-clang