CRAN Package Check Results for Package gaselect

Last updated on 2021-11-01 00:49:39 CET.

Flavor Version Tinstall Tcheck Ttotal Status Flags
r-devel-linux-x86_64-debian-clang 1.0.9 151.95 57.60 209.55 OK
r-devel-linux-x86_64-debian-gcc 1.0.9 116.06 44.06 160.12 OK
r-devel-linux-x86_64-fedora-clang 1.0.9 349.82 OK
r-devel-linux-x86_64-fedora-gcc 1.0.9 305.98 OK
r-devel-windows-x86_64 1.0.9 196.00 95.00 291.00 OK
r-devel-windows-x86_64-gcc10-UCRT 1.0.9 OK
r-patched-linux-x86_64 1.0.9 134.52 59.20 193.72 OK
r-patched-solaris-x86 1.0.9 258.10 OK
r-release-linux-x86_64 1.0.9 138.48 59.53 198.01 OK
r-release-macos-arm64 1.0.9 NOTE
r-release-macos-x86_64 1.0.9 OK
r-release-windows-ix86+x86_64 1.0.9 300.00 109.00 409.00 OK
r-oldrel-macos-x86_64 1.0.9 OK
r-oldrel-windows-ix86+x86_64 1.0.9 270.00 133.00 403.00 OK

Check Details

Version: 1.0.9
Check: installed package size
Result: NOTE
     installed size is 5.5Mb
     sub-directories of 1Mb or more:
     libs 5.3Mb
Flavor: r-release-macos-arm64