Last updated on 2021-11-01 00:49:39 CET.
Flavor | Version | Tinstall | Tcheck | Ttotal | Status | Flags |
---|---|---|---|---|---|---|
r-devel-linux-x86_64-debian-clang | 0.2.5 | 7.36 | 62.59 | 69.95 | OK | |
r-devel-linux-x86_64-debian-gcc | 0.2.5 | 5.77 | 47.57 | 53.34 | OK | |
r-devel-linux-x86_64-fedora-clang | 0.2.5 | 94.61 | NOTE | |||
r-devel-linux-x86_64-fedora-gcc | 0.2.5 | 80.74 | NOTE | |||
r-devel-windows-x86_64 | 0.2.5 | 11.00 | 82.00 | 93.00 | OK | |
r-devel-windows-x86_64-gcc10-UCRT | 0.2.5 | NOTE | ||||
r-patched-linux-x86_64 | 0.2.5 | 6.58 | 60.10 | 66.68 | OK | |
r-patched-solaris-x86 | 0.2.5 | 124.20 | NOTE | |||
r-release-linux-x86_64 | 0.2.5 | 7.16 | 60.19 | 67.35 | OK | |
r-release-macos-arm64 | 0.2.5 | NOTE | ||||
r-release-macos-x86_64 | 0.2.5 | NOTE | ||||
r-release-windows-ix86+x86_64 | 0.2.5 | 13.00 | 60.00 | 73.00 | OK | |
r-oldrel-macos-x86_64 | 0.2.5 | NOTE | ||||
r-oldrel-windows-ix86+x86_64 | 0.2.5 | 14.00 | 86.00 | 100.00 | OK |
Version: 0.2.5
Check: dependencies in R code
Result: NOTE
Namespaces in Imports field not imported from:
‘gargle’ ‘getProxy’ ‘rappsflyer’ ‘rfacebookstat’ ‘rgoogleads’
‘rmytarget’ ‘rvkstat’ ‘ryandexdirect’ ‘rym’ ‘tidyr’
All declared Imports should be used.
Flavors: r-devel-linux-x86_64-fedora-clang, r-devel-linux-x86_64-fedora-gcc, r-devel-windows-x86_64-gcc10-UCRT, r-patched-solaris-x86, r-release-macos-arm64, r-release-macos-x86_64, r-oldrel-macos-x86_64