CRAN Package Check Results for Package gJLS2

Last updated on 2021-11-01 00:49:39 CET.

Flavor Version Tinstall Tcheck Ttotal Status Flags
r-devel-linux-x86_64-debian-clang 0.2.0 9.14 88.50 97.64 OK
r-devel-linux-x86_64-debian-gcc 0.2.0 13.78 106.59 120.37 OK
r-devel-linux-x86_64-fedora-clang 0.2.0 201.12 NOTE
r-devel-linux-x86_64-fedora-gcc 0.2.0 118.27 NOTE
r-devel-windows-x86_64 0.2.0 16.00 118.00 134.00 OK
r-devel-windows-x86_64-gcc10-UCRT 0.2.0 NOTE
r-patched-linux-x86_64 0.2.0 10.26 86.21 96.47 OK
r-patched-solaris-x86 0.2.0 169.60 NOTE
r-release-linux-x86_64 0.2.0 17.21 133.86 151.07 OK
r-release-macos-arm64 0.2.0 NOTE
r-release-macos-x86_64 0.2.0 NOTE
r-release-windows-ix86+x86_64 0.2.0 15.00 84.00 99.00 OK
r-oldrel-macos-x86_64 0.2.0 NOTE
r-oldrel-windows-ix86+x86_64 0.2.0 14.00 151.00 165.00 OK

Check Details

Version: 0.2.0
Check: dependencies in R code
Result: NOTE
    Namespaces in Imports field not imported from:
     ‘MASS’ ‘MCMCpack’ ‘ggplot2’ ‘moments’
     All declared Imports should be used.
Flavors: r-devel-linux-x86_64-fedora-clang, r-devel-linux-x86_64-fedora-gcc, r-devel-windows-x86_64-gcc10-UCRT, r-patched-solaris-x86, r-release-macos-arm64, r-release-macos-x86_64, r-oldrel-macos-x86_64