Last updated on 2021-11-01 00:49:39 CET.
Flavor | Version | Tinstall | Tcheck | Ttotal | Status | Flags |
---|---|---|---|---|---|---|
r-devel-linux-x86_64-debian-clang | 2.0.4 | 2.81 | 25.21 | 28.02 | NOTE | |
r-devel-linux-x86_64-debian-gcc | 2.0.4 | 1.91 | 20.29 | 22.20 | NOTE | |
r-devel-linux-x86_64-fedora-clang | 2.0.4 | 45.06 | NOTE | |||
r-devel-linux-x86_64-fedora-gcc | 2.0.4 | 34.43 | NOTE | |||
r-devel-windows-x86_64 | 2.0.4 | 4.00 | 47.00 | 51.00 | NOTE | |
r-devel-windows-x86_64-gcc10-UCRT | 2.0.4 | NOTE | ||||
r-patched-linux-x86_64 | 2.0.4 | 2.49 | 24.93 | 27.42 | NOTE | |
r-patched-solaris-x86 | 2.0.4 | 52.40 | NOTE | |||
r-release-linux-x86_64 | 2.0.4 | 2.67 | 25.03 | 27.70 | NOTE | |
r-release-macos-arm64 | 2.0.4 | NOTE | ||||
r-release-macos-x86_64 | 2.0.4 | NOTE | ||||
r-release-windows-ix86+x86_64 | 2.0.4 | 5.00 | 33.00 | 38.00 | NOTE | |
r-oldrel-macos-x86_64 | 2.0.4 | NOTE | ||||
r-oldrel-windows-ix86+x86_64 | 2.0.4 | 5.00 | 36.00 | 41.00 | NOTE |
Version: 2.0.4
Check: dependencies in R code
Result: NOTE
Packages in Depends field not imported from:
'RUnit' 'futile.options'
These packages need to be imported from (in the NAMESPACE file)
for when this namespace is loaded but not attached.
Flavors: r-devel-linux-x86_64-debian-clang, r-devel-linux-x86_64-debian-gcc, r-devel-linux-x86_64-fedora-clang, r-devel-linux-x86_64-fedora-gcc, r-devel-windows-x86_64, r-devel-windows-x86_64-gcc10-UCRT, r-patched-linux-x86_64, r-patched-solaris-x86, r-release-linux-x86_64, r-release-macos-arm64, r-release-macos-x86_64, r-release-windows-ix86+x86_64, r-oldrel-macos-x86_64, r-oldrel-windows-ix86+x86_64
Version: 2.0.4
Check: R code for possible problems
Result: NOTE
.validateGuardExpression: no visible global function definition for
'runif'
Undefined global functions or variables:
runif
Consider adding
importFrom("stats", "runif")
to your NAMESPACE file.
Flavors: r-devel-linux-x86_64-debian-clang, r-devel-linux-x86_64-debian-gcc, r-devel-linux-x86_64-fedora-clang, r-devel-linux-x86_64-fedora-gcc, r-devel-windows-x86_64, r-devel-windows-x86_64-gcc10-UCRT, r-patched-linux-x86_64, r-patched-solaris-x86, r-release-linux-x86_64, r-release-macos-arm64, r-release-macos-x86_64, r-release-windows-ix86+x86_64, r-oldrel-macos-x86_64, r-oldrel-windows-ix86+x86_64