Last updated on 2021-11-01 00:49:39 CET.
Flavor | Version | Tinstall | Tcheck | Ttotal | Status | Flags |
---|---|---|---|---|---|---|
r-devel-linux-x86_64-debian-clang | 1.0.0 | 8.24 | 81.26 | 89.50 | NOTE | |
r-devel-linux-x86_64-debian-gcc | 1.0.0 | 7.88 | 63.22 | 71.10 | NOTE | |
r-devel-linux-x86_64-fedora-clang | 1.0.0 | 118.89 | NOTE | |||
r-devel-linux-x86_64-fedora-gcc | 1.0.0 | 108.55 | NOTE | |||
r-devel-windows-x86_64 | 1.0.0 | 13.00 | 111.00 | 124.00 | NOTE | |
r-devel-windows-x86_64-gcc10-UCRT | 1.0.0 | NOTE | ||||
r-patched-linux-x86_64 | 1.0.0 | 9.23 | 79.98 | 89.21 | NOTE | |
r-patched-solaris-x86 | 1.0.0 | 140.60 | NOTE | |||
r-release-linux-x86_64 | 1.0.0 | 8.63 | 79.47 | 88.10 | NOTE | |
r-release-macos-arm64 | 1.0.0 | NOTE | ||||
r-release-macos-x86_64 | 1.0.0 | NOTE | ||||
r-release-windows-ix86+x86_64 | 1.0.0 | 13.00 | 84.00 | 97.00 | NOTE | |
r-oldrel-macos-x86_64 | 1.0.0 | OK | ||||
r-oldrel-windows-ix86+x86_64 | 1.0.0 | 14.00 | 102.00 | 116.00 | OK |
Version: 1.0.0
Check: LazyData
Result: NOTE
'LazyData' is specified without a 'data' directory
Flavors: r-devel-linux-x86_64-debian-clang, r-devel-linux-x86_64-debian-gcc, r-devel-linux-x86_64-fedora-clang, r-devel-linux-x86_64-fedora-gcc, r-devel-windows-x86_64, r-devel-windows-x86_64-gcc10-UCRT, r-patched-linux-x86_64, r-patched-solaris-x86, r-release-linux-x86_64, r-release-macos-arm64, r-release-macos-x86_64, r-release-windows-ix86+x86_64