Last updated on 2021-11-01 00:49:39 CET.
Flavor | Version | Tinstall | Tcheck | Ttotal | Status | Flags |
---|---|---|---|---|---|---|
r-devel-linux-x86_64-debian-clang | 6.0 | 23.12 | 228.12 | 251.24 | OK | |
r-devel-linux-x86_64-debian-gcc | 6.0 | 19.28 | 168.23 | 187.51 | OK | |
r-devel-linux-x86_64-fedora-clang | 6.0 | 312.85 | OK | |||
r-devel-linux-x86_64-fedora-gcc | 6.0 | 303.29 | OK | |||
r-devel-windows-x86_64 | 6.0 | 37.00 | 281.00 | 318.00 | OK | |
r-devel-windows-x86_64-gcc10-UCRT | 6.0 | OK | ||||
r-patched-linux-x86_64 | 6.0 | 28.18 | 218.45 | 246.63 | OK | |
r-patched-solaris-x86 | 6.0 | 405.60 | OK | |||
r-release-linux-x86_64 | 6.0 | 20.56 | 218.55 | 239.11 | OK | |
r-release-macos-arm64 | 6.0 | NOTE | ||||
r-release-macos-x86_64 | 6.0 | OK | ||||
r-release-windows-ix86+x86_64 | 6.0 | 37.00 | 218.00 | 255.00 | OK | |
r-oldrel-macos-x86_64 | 6.0 | OK | ||||
r-oldrel-windows-ix86+x86_64 | 6.0 | 32.00 | 285.00 | 317.00 | OK |
Version: 6.0
Check: package dependencies
Result: NOTE
Package suggested but not available for checking: ‘R2jags’
Flavor: r-release-macos-arm64