CRAN Package Check Results for Package ftrCOOL

Last updated on 2021-11-01 00:49:39 CET.

Flavor Version Tinstall Tcheck Ttotal Status Flags
r-devel-linux-x86_64-debian-clang 1.1.2 17.93 172.03 189.96 NOTE
r-devel-linux-x86_64-debian-gcc 1.1.2 13.03 123.09 136.12 NOTE
r-devel-linux-x86_64-fedora-clang 1.1.2 229.99 NOTE
r-devel-linux-x86_64-fedora-gcc 1.1.2 221.87 NOTE
r-devel-windows-x86_64 1.1.2 28.00 196.00 224.00 NOTE
r-devel-windows-x86_64-gcc10-UCRT 1.1.2 NOTE
r-patched-linux-x86_64 1.1.2 19.00 168.29 187.29 NOTE
r-patched-solaris-x86 1.1.2 289.70 NOTE
r-release-linux-x86_64 1.1.2 16.28 166.19 182.47 NOTE
r-release-macos-arm64 1.1.2 NOTE
r-release-macos-x86_64 1.1.2 NOTE
r-release-windows-ix86+x86_64 1.1.2 19.00 141.00 160.00 NOTE
r-oldrel-macos-x86_64 1.1.2 OK
r-oldrel-windows-ix86+x86_64 1.1.2 24.00 188.00 212.00 OK

Check Details

Version: 1.1.2
Check: LazyData
Result: NOTE
     'LazyData' is specified without a 'data' directory
Flavors: r-devel-linux-x86_64-debian-clang, r-devel-linux-x86_64-debian-gcc, r-devel-linux-x86_64-fedora-clang, r-devel-linux-x86_64-fedora-gcc, r-devel-windows-x86_64, r-devel-windows-x86_64-gcc10-UCRT, r-patched-linux-x86_64, r-patched-solaris-x86, r-release-linux-x86_64, r-release-macos-arm64, r-release-macos-x86_64, r-release-windows-ix86+x86_64

Version: 1.1.2
Check: installed package size
Result: NOTE
     installed size is 5.0Mb
     sub-directories of 1Mb or more:
     extdata 3.0Mb
     testForder 1.0Mb
Flavors: r-devel-linux-x86_64-fedora-clang, r-patched-solaris-x86