CRAN Package Check Results for Package fstcore

Last updated on 2021-11-01 00:49:38 CET.

Flavor Version Tinstall Tcheck Ttotal Status Flags
r-devel-linux-x86_64-debian-clang 0.9.6 125.92 27.77 153.69 NOTE
r-devel-linux-x86_64-debian-gcc 0.9.6 87.57 21.99 109.56 NOTE
r-devel-linux-x86_64-fedora-clang 0.9.6 263.73 NOTE
r-devel-linux-x86_64-fedora-gcc 0.9.6 201.27 NOTE
r-devel-windows-x86_64 0.9.6 144.00 59.00 203.00 NOTE
r-devel-windows-x86_64-gcc10-UCRT 0.9.6 NOTE
r-patched-linux-x86_64 0.9.6 100.64 27.20 127.84 NOTE
r-patched-solaris-x86 0.9.6 170.90 NOTE
r-release-linux-x86_64 0.9.6 99.91 26.89 126.80 NOTE
r-release-macos-arm64 0.9.6 ERROR
r-release-macos-x86_64 0.9.6 NOTE
r-release-windows-ix86+x86_64 0.9.6 214.00 59.00 273.00 NOTE
r-oldrel-macos-x86_64 0.9.6 NOTE
r-oldrel-windows-ix86+x86_64 0.9.6 207.00 75.00 282.00 OK

Check Details

Version: 0.9.6
Check: LazyData
Result: NOTE
     'LazyData' is specified without a 'data' directory
Flavors: r-devel-linux-x86_64-debian-clang, r-devel-linux-x86_64-debian-gcc, r-devel-linux-x86_64-fedora-clang, r-devel-linux-x86_64-fedora-gcc, r-devel-windows-x86_64, r-devel-windows-x86_64-gcc10-UCRT, r-patched-linux-x86_64, r-patched-solaris-x86, r-release-linux-x86_64, r-release-macos-x86_64, r-release-windows-ix86+x86_64

Version: 0.9.6
Check: installed package size
Result: NOTE
     installed size is 6.2Mb
     sub-directories of 1Mb or more:
     libs 6.1Mb
Flavors: r-devel-linux-x86_64-fedora-clang, r-release-macos-x86_64, r-oldrel-macos-x86_64

Version: 0.9.6
Check: whether package can be installed
Result: ERROR
    Installation failed.
Flavor: r-release-macos-arm64