Last updated on 2021-11-01 00:49:38 CET.
Flavor | Version | Tinstall | Tcheck | Ttotal | Status | Flags |
---|---|---|---|---|---|---|
r-devel-linux-x86_64-debian-clang | 1.7.1 | 3.43 | 27.63 | 31.06 | NOTE | |
r-devel-linux-x86_64-debian-gcc | 1.7.1 | 2.97 | 22.03 | 25.00 | NOTE | |
r-devel-linux-x86_64-fedora-clang | 1.7.1 | 49.84 | NOTE | |||
r-devel-linux-x86_64-fedora-gcc | 1.7.1 | 38.66 | NOTE | |||
r-devel-windows-x86_64 | 1.7.1 | 6.00 | 49.00 | 55.00 | NOTE | |
r-devel-windows-x86_64-gcc10-UCRT | 1.7.1 | NOTE | ||||
r-patched-linux-x86_64 | 1.7.1 | 3.98 | 27.40 | 31.38 | NOTE | |
r-patched-solaris-x86 | 1.7.1 | 57.90 | NOTE | |||
r-release-linux-x86_64 | 1.7.1 | 3.18 | 27.32 | 30.50 | NOTE | |
r-release-macos-arm64 | 1.7.1 | NOTE | ||||
r-release-macos-x86_64 | 1.7.1 | NOTE | ||||
r-release-windows-ix86+x86_64 | 1.7.1 | 5.00 | 33.00 | 38.00 | NOTE | |
r-oldrel-macos-x86_64 | 1.7.1 | OK | ||||
r-oldrel-windows-ix86+x86_64 | 1.7.1 | 6.00 | 44.00 | 50.00 | OK |
Version: 1.7.1
Check: LazyData
Result: NOTE
'LazyData' is specified without a 'data' directory
Flavors: r-devel-linux-x86_64-debian-clang, r-devel-linux-x86_64-debian-gcc, r-devel-linux-x86_64-fedora-clang, r-devel-linux-x86_64-fedora-gcc, r-devel-windows-x86_64, r-devel-windows-x86_64-gcc10-UCRT, r-patched-linux-x86_64, r-patched-solaris-x86, r-release-linux-x86_64, r-release-macos-arm64, r-release-macos-x86_64, r-release-windows-ix86+x86_64