CRAN Package Check Results for Package forestRK

Last updated on 2021-11-01 00:49:38 CET.

Flavor Version Tinstall Tcheck Ttotal Status Flags
r-devel-linux-x86_64-debian-clang 0.0-5 9.94 135.29 145.23 OK
r-devel-linux-x86_64-debian-gcc 0.0-5 8.98 98.06 107.04 OK
r-devel-linux-x86_64-fedora-clang 0.0-5 181.11 NOTE
r-devel-linux-x86_64-fedora-gcc 0.0-5 167.37 NOTE
r-devel-windows-x86_64 0.0-5 18.00 164.00 182.00 OK
r-devel-windows-x86_64-gcc10-UCRT 0.0-5 NOTE
r-patched-linux-x86_64 0.0-5 11.27 126.88 138.15 OK
r-patched-solaris-x86 0.0-5 224.80 NOTE
r-release-linux-x86_64 0.0-5 11.02 126.72 137.74 OK
r-release-macos-arm64 0.0-5 NOTE
r-release-macos-x86_64 0.0-5 NOTE
r-release-windows-ix86+x86_64 0.0-5 18.00 115.00 133.00 OK
r-oldrel-macos-x86_64 0.0-5 NOTE
r-oldrel-windows-ix86+x86_64 0.0-5 18.00 162.00 180.00 OK

Check Details

Version: 0.0-5
Check: dependencies in R code
Result: NOTE
    Namespace in Imports field not imported from: ‘pkgKitten’
     All declared Imports should be used.
Flavors: r-devel-linux-x86_64-fedora-clang, r-devel-linux-x86_64-fedora-gcc, r-devel-windows-x86_64-gcc10-UCRT, r-patched-solaris-x86, r-release-macos-arm64, r-release-macos-x86_64, r-oldrel-macos-x86_64