Last updated on 2021-11-01 00:49:38 CET.
Flavor | Version | Tinstall | Tcheck | Ttotal | Status | Flags |
---|---|---|---|---|---|---|
r-devel-linux-x86_64-debian-clang | 1.0.0 | 42.55 | 255.09 | 297.64 | OK | |
r-devel-linux-x86_64-debian-gcc | 1.0.0 | 31.19 | 185.34 | 216.53 | OK | |
r-devel-linux-x86_64-fedora-clang | 1.0.0 | 392.23 | NOTE | |||
r-devel-linux-x86_64-fedora-gcc | 1.0.0 | 370.90 | NOTE | |||
r-devel-windows-x86_64 | 1.0.0 | 61.00 | 326.00 | 387.00 | OK | |
r-devel-windows-x86_64-gcc10-UCRT | 1.0.0 | NOTE | ||||
r-patched-linux-x86_64 | 1.0.0 | 36.53 | 242.09 | 278.62 | OK | |
r-patched-solaris-x86 | 1.0.0 | 228.60 | NOTE | |||
r-release-linux-x86_64 | 1.0.0 | 34.11 | 240.31 | 274.42 | OK | |
r-release-macos-arm64 | 1.0.0 | NOTE | ||||
r-release-macos-x86_64 | 1.0.0 | NOTE | ||||
r-release-windows-ix86+x86_64 | 1.0.0 | 73.00 | 273.00 | 346.00 | NOTE | |
r-oldrel-macos-x86_64 | 1.0.0 | NOTE | ||||
r-oldrel-windows-ix86+x86_64 | 1.0.0 | 74.00 | 291.00 | 365.00 | NOTE |
Version: 1.0.0
Check: dependencies in R code
Result: NOTE
Namespace in Imports field not imported from: ‘RColorBrewer’
All declared Imports should be used.
Flavors: r-devel-linux-x86_64-fedora-clang, r-devel-linux-x86_64-fedora-gcc, r-devel-windows-x86_64-gcc10-UCRT, r-patched-solaris-x86, r-release-macos-arm64, r-release-macos-x86_64, r-oldrel-macos-x86_64
Version: 1.0.0
Check: installed package size
Result: NOTE
installed size is 5.2Mb
sub-directories of 1Mb or more:
doc 1.9Mb
libs 2.0Mb
Flavors: r-release-windows-ix86+x86_64, r-oldrel-windows-ix86+x86_64