Last updated on 2021-11-01 00:49:38 CET.
Flavor | Version | Tinstall | Tcheck | Ttotal | Status | Flags |
---|---|---|---|---|---|---|
r-devel-linux-x86_64-debian-clang | 1.1 | 2.36 | 16.92 | 19.28 | NOTE | |
r-devel-linux-x86_64-debian-gcc | 1.1 | 1.70 | 13.72 | 15.42 | NOTE | |
r-devel-linux-x86_64-fedora-clang | 1.1 | 34.54 | NOTE | |||
r-devel-linux-x86_64-fedora-gcc | 1.1 | 23.80 | NOTE | |||
r-devel-windows-x86_64 | 1.1 | 4.00 | 33.00 | 37.00 | NOTE | |
r-devel-windows-x86_64-gcc10-UCRT | 1.1 | NOTE | ||||
r-patched-linux-x86_64 | 1.1 | 2.56 | 16.74 | 19.30 | NOTE | |
r-patched-solaris-x86 | 1.1 | 39.00 | NOTE | |||
r-release-linux-x86_64 | 1.1 | 2.66 | 16.92 | 19.58 | NOTE | |
r-release-macos-arm64 | 1.1 | NOTE | ||||
r-release-macos-x86_64 | 1.1 | NOTE | ||||
r-release-windows-ix86+x86_64 | 1.1 | 5.00 | 26.00 | 31.00 | NOTE | |
r-oldrel-macos-x86_64 | 1.1 | NOTE | ||||
r-oldrel-windows-ix86+x86_64 | 1.1 | 4.00 | 33.00 | 37.00 | NOTE |
Version: 1.1
Check: DESCRIPTION meta-information
Result: NOTE
Malformed Description field: should contain one or more complete sentences.
Flavors: r-devel-linux-x86_64-debian-clang, r-devel-linux-x86_64-debian-gcc, r-devel-linux-x86_64-fedora-clang, r-devel-linux-x86_64-fedora-gcc, r-devel-windows-x86_64, r-devel-windows-x86_64-gcc10-UCRT, r-patched-linux-x86_64, r-patched-solaris-x86, r-release-linux-x86_64, r-release-macos-arm64, r-release-macos-x86_64, r-release-windows-ix86+x86_64, r-oldrel-macos-x86_64, r-oldrel-windows-ix86+x86_64
Version: 1.1
Check: installed package size
Result: NOTE
installed size is 6.7Mb
sub-directories of 1Mb or more:
fonts 6.6Mb
Flavors: r-devel-linux-x86_64-fedora-clang, r-devel-windows-x86_64, r-patched-solaris-x86, r-release-macos-arm64, r-release-macos-x86_64, r-release-windows-ix86+x86_64, r-oldrel-macos-x86_64, r-oldrel-windows-ix86+x86_64