Last updated on 2021-11-01 00:49:38 CET.
Flavor | Version | Tinstall | Tcheck | Ttotal | Status | Flags |
---|---|---|---|---|---|---|
r-devel-linux-x86_64-debian-clang | 1.0.0 | 6.85 | 58.76 | 65.61 | NOTE | |
r-devel-linux-x86_64-debian-gcc | 1.0.0 | 5.80 | 44.83 | 50.63 | NOTE | |
r-devel-linux-x86_64-fedora-clang | 1.0.0 | 93.96 | NOTE | |||
r-devel-linux-x86_64-fedora-gcc | 1.0.0 | 77.21 | NOTE | |||
r-devel-windows-x86_64 | 1.0.0 | 11.00 | 92.00 | 103.00 | NOTE | |
r-devel-windows-x86_64-gcc10-UCRT | 1.0.0 | NOTE | ||||
r-patched-linux-x86_64 | 1.0.0 | 7.45 | 61.58 | 69.03 | NOTE | |
r-patched-solaris-x86 | 1.0.0 | 109.70 | NOTE | |||
r-release-linux-x86_64 | 1.0.0 | 6.33 | 60.98 | 67.31 | NOTE | |
r-release-macos-arm64 | 1.0.0 | NOTE | ||||
r-release-macos-x86_64 | 1.0.0 | NOTE | ||||
r-release-windows-ix86+x86_64 | 1.0.0 | 9.00 | 69.00 | 78.00 | NOTE | |
r-oldrel-macos-x86_64 | 1.0.0 | OK | ||||
r-oldrel-windows-ix86+x86_64 | 1.0.0 | 10.00 | 70.00 | 80.00 | OK |
Version: 1.0.0
Check: package dependencies
Result: NOTE
Package suggested but not available for checking: 'elo'
Flavors: r-devel-linux-x86_64-debian-clang, r-devel-linux-x86_64-debian-gcc, r-devel-linux-x86_64-fedora-clang, r-devel-linux-x86_64-fedora-gcc, r-devel-windows-x86_64-gcc10-UCRT, r-patched-linux-x86_64, r-patched-solaris-x86, r-release-linux-x86_64
Version: 1.0.0
Check: LazyData
Result: NOTE
'LazyData' is specified without a 'data' directory
Flavors: r-devel-linux-x86_64-debian-clang, r-devel-linux-x86_64-debian-gcc, r-devel-linux-x86_64-fedora-clang, r-devel-linux-x86_64-fedora-gcc, r-devel-windows-x86_64, r-devel-windows-x86_64-gcc10-UCRT, r-patched-linux-x86_64, r-patched-solaris-x86, r-release-linux-x86_64, r-release-macos-arm64, r-release-macos-x86_64, r-release-windows-ix86+x86_64