Last updated on 2021-11-01 00:49:38 CET.
Flavor | Version | Tinstall | Tcheck | Ttotal | Status | Flags |
---|---|---|---|---|---|---|
r-devel-linux-x86_64-debian-clang | 0.2.0 | 5.56 | 52.08 | 57.64 | OK | |
r-devel-linux-x86_64-debian-gcc | 0.2.0 | 4.71 | 39.81 | 44.52 | OK | |
r-devel-linux-x86_64-fedora-clang | 0.2.0 | 81.89 | NOTE | |||
r-devel-linux-x86_64-fedora-gcc | 0.2.0 | 67.34 | NOTE | |||
r-devel-windows-x86_64 | 0.2.0 | 9.00 | 74.00 | 83.00 | OK | |
r-devel-windows-x86_64-gcc10-UCRT | 0.2.0 | NOTE | ||||
r-patched-linux-x86_64 | 0.2.0 | 6.32 | 49.02 | 55.34 | OK | |
r-patched-solaris-x86 | 0.2.0 | 98.60 | NOTE | |||
r-release-linux-x86_64 | 0.2.0 | 4.65 | 48.77 | 53.42 | OK | |
r-release-macos-arm64 | 0.2.0 | NOTE | ||||
r-release-macos-x86_64 | 0.2.0 | NOTE | ||||
r-release-windows-ix86+x86_64 | 0.2.0 | 10.00 | 54.00 | 64.00 | OK | |
r-oldrel-macos-x86_64 | 0.2.0 | NOTE | ||||
r-oldrel-windows-ix86+x86_64 | 0.2.0 | 11.00 | 57.00 | 68.00 | OK |
Version: 0.2.0
Check: dependencies in R code
Result: NOTE
Namespace in Imports field not imported from: ‘jsonlite’
All declared Imports should be used.
Flavors: r-devel-linux-x86_64-fedora-clang, r-devel-linux-x86_64-fedora-gcc, r-devel-windows-x86_64-gcc10-UCRT, r-patched-solaris-x86, r-release-macos-arm64, r-release-macos-x86_64, r-oldrel-macos-x86_64