Last updated on 2021-11-01 00:49:38 CET.
Flavor | Version | Tinstall | Tcheck | Ttotal | Status | Flags |
---|---|---|---|---|---|---|
r-devel-linux-x86_64-debian-clang | 0.2.1 | 9.33 | 34.24 | 43.57 | OK | |
r-devel-linux-x86_64-debian-gcc | 0.2.1 | 6.44 | 27.24 | 33.68 | OK | |
r-devel-linux-x86_64-fedora-clang | 0.2.1 | 63.70 | NOTE | |||
r-devel-linux-x86_64-fedora-gcc | 0.2.1 | 52.27 | NOTE | |||
r-devel-windows-x86_64 | 0.2.1 | 10.00 | 42.00 | 52.00 | OK | |
r-devel-windows-x86_64-gcc10-UCRT | 0.2.1 | NOTE | ||||
r-patched-linux-x86_64 | 0.2.1 | 8.40 | 33.48 | 41.88 | OK | |
r-patched-solaris-x86 | 0.2.1 | 78.40 | NOTE | |||
r-release-linux-x86_64 | 0.2.1 | 8.28 | 33.79 | 42.07 | OK | |
r-release-macos-arm64 | 0.2.1 | NOTE | ||||
r-release-macos-x86_64 | 0.2.1 | NOTE | ||||
r-release-windows-ix86+x86_64 | 0.2.1 | 13.00 | 46.00 | 59.00 | OK | |
r-oldrel-macos-x86_64 | 0.2.1 | NOTE | ||||
r-oldrel-windows-ix86+x86_64 | 0.2.1 | 13.00 | 49.00 | 62.00 | OK |
Version: 0.2.1
Check: dependencies in R code
Result: NOTE
Namespaces in Imports field not imported from:
‘R6’ ‘jose’ ‘openssl’
All declared Imports should be used.
Flavors: r-devel-linux-x86_64-fedora-clang, r-devel-linux-x86_64-fedora-gcc, r-devel-windows-x86_64-gcc10-UCRT, r-patched-solaris-x86, r-release-macos-arm64, r-release-macos-x86_64, r-oldrel-macos-x86_64