Last updated on 2021-11-01 00:49:38 CET.
Flavor | Version | Tinstall | Tcheck | Ttotal | Status | Flags |
---|---|---|---|---|---|---|
r-devel-linux-x86_64-debian-clang | 0.1.0 | 16.85 | 275.71 | 292.56 | OK | |
r-devel-linux-x86_64-debian-gcc | 0.1.0 | 11.05 | 214.93 | 225.98 | OK | |
r-devel-linux-x86_64-fedora-clang | 0.1.0 | 346.63 | NOTE | |||
r-devel-linux-x86_64-fedora-gcc | 0.1.0 | 364.64 | NOTE | |||
r-devel-windows-x86_64 | 0.1.0 | 24.00 | 318.00 | 342.00 | OK | |
r-devel-windows-x86_64-gcc10-UCRT | 0.1.0 | NOTE | ||||
r-patched-linux-x86_64 | 0.1.0 | 20.88 | 260.81 | 281.69 | OK | |
r-patched-solaris-x86 | 0.1.0 | 485.70 | NOTE | |||
r-release-linux-x86_64 | 0.1.0 | 14.66 | 262.12 | 276.78 | OK | |
r-release-macos-arm64 | 0.1.0 | NOTE | ||||
r-release-macos-x86_64 | 0.1.0 | NOTE | ||||
r-release-windows-ix86+x86_64 | 0.1.0 | 24.00 | 249.00 | 273.00 | OK | |
r-oldrel-macos-x86_64 | 0.1.0 | NOTE | ||||
r-oldrel-windows-ix86+x86_64 | 0.1.0 | 29.00 | 246.00 | 275.00 | OK |
Version: 0.1.0
Check: dependencies in R code
Result: NOTE
Namespaces in Imports field not imported from:
‘ranger’ ‘yardstick’
All declared Imports should be used.
Flavors: r-devel-linux-x86_64-fedora-clang, r-devel-linux-x86_64-fedora-gcc, r-devel-windows-x86_64-gcc10-UCRT, r-patched-solaris-x86, r-release-macos-arm64, r-release-macos-x86_64, r-oldrel-macos-x86_64