Last updated on 2021-11-01 00:49:38 CET.
Flavor | Version | Tinstall | Tcheck | Ttotal | Status | Flags |
---|---|---|---|---|---|---|
r-devel-linux-x86_64-debian-clang | 0.12 | 6.87 | 62.88 | 69.75 | NOTE | |
r-devel-linux-x86_64-debian-gcc | 0.12 | 5.47 | 48.85 | 54.32 | NOTE | |
r-devel-linux-x86_64-fedora-clang | 0.12 | 97.83 | NOTE | |||
r-devel-linux-x86_64-fedora-gcc | 0.12 | 85.04 | NOTE | |||
r-devel-windows-x86_64 | 0.12 | 11.00 | 81.00 | 92.00 | NOTE | |
r-devel-windows-x86_64-gcc10-UCRT | 0.12 | NOTE | ||||
r-patched-linux-x86_64 | 0.12 | 6.98 | 61.58 | 68.56 | NOTE | |
r-patched-solaris-x86 | 0.12 | 135.60 | NOTE | |||
r-release-linux-x86_64 | 0.12 | 6.86 | 62.06 | 68.92 | NOTE | |
r-release-macos-arm64 | 0.12 | NOTE | ||||
r-release-macos-x86_64 | 0.12 | NOTE | ||||
r-release-windows-ix86+x86_64 | 0.12 | 14.00 | 58.00 | 72.00 | NOTE | |
r-oldrel-macos-x86_64 | 0.12 | NOTE | ||||
r-oldrel-windows-ix86+x86_64 | 0.12 | 12.00 | 86.00 | 98.00 | OK |
Version: 0.12
Check: LazyData
Result: NOTE
'LazyData' is specified without a 'data' directory
Flavors: r-devel-linux-x86_64-debian-clang, r-devel-linux-x86_64-debian-gcc, r-devel-linux-x86_64-fedora-clang, r-devel-linux-x86_64-fedora-gcc, r-devel-windows-x86_64, r-devel-windows-x86_64-gcc10-UCRT, r-patched-linux-x86_64, r-patched-solaris-x86, r-release-linux-x86_64, r-release-macos-arm64, r-release-macos-x86_64, r-release-windows-ix86+x86_64
Version: 0.12
Check: dependencies in R code
Result: NOTE
Namespaces in Imports field not imported from:
‘data.table’ ‘ggplot2’ ‘randomcoloR’ ‘sqldf’
All declared Imports should be used.
Flavors: r-devel-linux-x86_64-fedora-clang, r-devel-linux-x86_64-fedora-gcc, r-devel-windows-x86_64-gcc10-UCRT, r-patched-solaris-x86, r-release-macos-arm64, r-release-macos-x86_64, r-oldrel-macos-x86_64