Last updated on 2021-11-01 00:49:38 CET.
Flavor | Version | Tinstall | Tcheck | Ttotal | Status | Flags |
---|---|---|---|---|---|---|
r-devel-linux-x86_64-debian-clang | 1.9.7 | 89.60 | 226.18 | 315.78 | OK | |
r-devel-linux-x86_64-debian-gcc | 1.9.7 | 70.00 | 171.00 | 241.00 | OK | |
r-devel-linux-x86_64-fedora-clang | 1.9.7 | 457.56 | NOTE | |||
r-devel-linux-x86_64-fedora-gcc | 1.9.7 | 416.73 | OK | |||
r-devel-windows-x86_64 | 1.9.7 | 127.00 | 270.00 | 397.00 | OK | |
r-devel-windows-x86_64-gcc10-UCRT | 1.9.7 | OK | ||||
r-patched-linux-x86_64 | 1.9.7 | 85.21 | 219.26 | 304.47 | OK | |
r-patched-solaris-x86 | 1.9.7 | 465.90 | OK | |||
r-release-linux-x86_64 | 1.9.7 | 79.94 | 219.39 | 299.33 | OK | |
r-release-macos-arm64 | 1.9.7 | NOTE | ||||
r-release-macos-x86_64 | 1.9.7 | NOTE | ||||
r-release-windows-ix86+x86_64 | 1.9.7 | 169.00 | 299.00 | 468.00 | NOTE | |
r-oldrel-macos-x86_64 | 1.9.7 | NOTE | ||||
r-oldrel-windows-ix86+x86_64 | 1.9.7 | 167.00 | 397.00 | 564.00 | NOTE |
Version: 1.9.7
Check: installed package size
Result: NOTE
installed size is 5.8Mb
sub-directories of 1Mb or more:
data 2.3Mb
libs 2.9Mb
Flavors: r-devel-linux-x86_64-fedora-clang, r-release-macos-arm64, r-release-macos-x86_64, r-release-windows-ix86+x86_64, r-oldrel-macos-x86_64, r-oldrel-windows-ix86+x86_64