CRAN Package Check Results for Package fastmit

Last updated on 2021-11-01 00:49:38 CET.

Flavor Version Tinstall Tcheck Ttotal Status Flags
r-devel-linux-x86_64-debian-clang 0.1.1 67.21 27.40 94.61 NOTE
r-devel-linux-x86_64-debian-gcc 0.1.1 51.34 21.45 72.79 NOTE
r-devel-linux-x86_64-fedora-clang 0.1.1 162.83 NOTE
r-devel-linux-x86_64-fedora-gcc 0.1.1 135.62 NOTE
r-devel-windows-x86_64 0.1.1 52.00 62.00 114.00 NOTE
r-devel-windows-x86_64-gcc10-UCRT 0.1.1 NOTE
r-patched-linux-x86_64 0.1.1 62.81 27.47 90.28 NOTE
r-patched-solaris-x86 0.1.1 135.70 NOTE
r-release-linux-x86_64 0.1.1 61.53 26.93 88.46 NOTE
r-release-macos-arm64 0.1.1 NOTE
r-release-macos-x86_64 0.1.1 NOTE
r-release-windows-ix86+x86_64 0.1.1 69.00 53.00 122.00 NOTE
r-oldrel-macos-x86_64 0.1.1 OK
r-oldrel-windows-ix86+x86_64 0.1.1 75.00 73.00 148.00 OK

Check Details

Version: 0.1.1
Check: LazyData
Result: NOTE
     'LazyData' is specified without a 'data' directory
Flavors: r-devel-linux-x86_64-debian-clang, r-devel-linux-x86_64-debian-gcc, r-devel-linux-x86_64-fedora-clang, r-devel-linux-x86_64-fedora-gcc, r-devel-windows-x86_64, r-devel-windows-x86_64-gcc10-UCRT, r-patched-linux-x86_64, r-patched-solaris-x86, r-release-linux-x86_64, r-release-macos-arm64, r-release-macos-x86_64, r-release-windows-ix86+x86_64