Last updated on 2021-11-01 00:49:38 CET.
Flavor | Version | Tinstall | Tcheck | Ttotal | Status | Flags |
---|---|---|---|---|---|---|
r-devel-linux-x86_64-debian-clang | 0.6-3 | 2.76 | 19.42 | 22.18 | OK | |
r-devel-linux-x86_64-debian-gcc | 0.6-3 | 2.32 | 15.53 | 17.85 | OK | |
r-devel-linux-x86_64-fedora-clang | 0.6-3 | 39.99 | NOTE | |||
r-devel-linux-x86_64-fedora-gcc | 0.6-3 | 28.38 | NOTE | |||
r-devel-windows-x86_64 | 0.6-3 | 5.00 | 39.00 | 44.00 | OK | |
r-devel-windows-x86_64-gcc10-UCRT | 0.6-3 | OK | ||||
r-patched-linux-x86_64 | 0.6-3 | 2.56 | 18.82 | 21.38 | OK | |
r-patched-solaris-x86 | 0.6-3 | 49.50 | OK | |||
r-release-linux-x86_64 | 0.6-3 | 2.65 | 18.91 | 21.56 | OK | |
r-release-macos-arm64 | 0.6-3 | OK | ||||
r-release-macos-x86_64 | 0.6-3 | OK | ||||
r-release-windows-ix86+x86_64 | 0.6-3 | 9.00 | 33.00 | 42.00 | OK | |
r-oldrel-macos-x86_64 | 0.6-3 | OK | ||||
r-oldrel-windows-ix86+x86_64 | 0.6-3 | 34.00 | 31.00 | 65.00 | OK |
Version: 0.6-3
Check: compiled code
Result: NOTE
File ‘fastdigest/libs/fastdigest.so’:
Found no call to: ‘R_useDynamicSymbols’
It is good practice to register native routines and to disable symbol
search.
See ‘Writing portable packages’ in the ‘Writing R Extensions’ manual.
Flavors: r-devel-linux-x86_64-fedora-clang, r-devel-linux-x86_64-fedora-gcc