CRAN Package Check Results for Package fastText

Last updated on 2021-11-01 00:49:38 CET.

Flavor Version Tinstall Tcheck Ttotal Status Flags
r-devel-linux-x86_64-debian-clang 1.0.1 58.46 76.54 135.00 OK
r-devel-linux-x86_64-debian-gcc 1.0.1 42.45 58.22 100.67 OK
r-devel-linux-x86_64-fedora-clang 1.0.1 209.16 NOTE
r-devel-linux-x86_64-fedora-gcc 1.0.1 173.84 OK
r-devel-windows-x86_64 1.0.1 80.00 171.00 251.00 OK
r-devel-windows-x86_64-gcc10-UCRT 1.0.1 OK
r-patched-linux-x86_64 1.0.1 53.01 73.71 126.72 OK
r-patched-solaris-x86 1.0.1 201.20 OK
r-release-linux-x86_64 1.0.1 53.50 74.08 127.58 OK
r-release-macos-arm64 1.0.1 NOTE
r-release-macos-x86_64 1.0.1 NOTE
r-release-windows-ix86+x86_64 1.0.1 114.00 146.00 260.00 NOTE
r-oldrel-macos-x86_64 1.0.1 NOTE
r-oldrel-windows-ix86+x86_64 1.0.1 118.00 198.00 316.00 NOTE

Check Details

Version: 1.0.1
Check: installed package size
Result: NOTE
     installed size is 6.0Mb
     sub-directories of 1Mb or more:
     doc 1.7Mb
     libs 3.2Mb
Flavors: r-devel-linux-x86_64-fedora-clang, r-release-macos-arm64, r-release-macos-x86_64, r-release-windows-ix86+x86_64, r-oldrel-macos-x86_64, r-oldrel-windows-ix86+x86_64