CRAN Package Check Results for Package factory

Last updated on 2021-11-01 00:49:38 CET.

Flavor Version Tinstall Tcheck Ttotal Status Flags
r-devel-linux-x86_64-debian-clang 0.1.0 2.12 27.34 29.46 NOTE
r-devel-linux-x86_64-debian-gcc 0.1.0 1.53 21.09 22.62 NOTE
r-devel-linux-x86_64-fedora-clang 0.1.0 46.92 NOTE
r-devel-linux-x86_64-fedora-gcc 0.1.0 35.67 NOTE
r-devel-windows-x86_64 0.1.0 4.00 47.00 51.00 NOTE
r-devel-windows-x86_64-gcc10-UCRT 0.1.0 NOTE
r-patched-linux-x86_64 0.1.0 2.04 25.51 27.55 NOTE
r-patched-solaris-x86 0.1.0 56.10 NOTE
r-release-linux-x86_64 0.1.0 2.01 25.14 27.15 NOTE
r-release-macos-arm64 0.1.0 NOTE
r-release-macos-x86_64 0.1.0 NOTE
r-release-windows-ix86+x86_64 0.1.0 4.00 33.00 37.00 NOTE
r-oldrel-macos-x86_64 0.1.0 OK
r-oldrel-windows-ix86+x86_64 0.1.0 4.00 32.00 36.00 OK

Check Details

Version: 0.1.0
Check: LazyData
Result: NOTE
     'LazyData' is specified without a 'data' directory
Flavors: r-devel-linux-x86_64-debian-clang, r-devel-linux-x86_64-debian-gcc, r-devel-linux-x86_64-fedora-clang, r-devel-linux-x86_64-fedora-gcc, r-devel-windows-x86_64, r-devel-windows-x86_64-gcc10-UCRT, r-patched-linux-x86_64, r-patched-solaris-x86, r-release-linux-x86_64, r-release-macos-arm64, r-release-macos-x86_64, r-release-windows-ix86+x86_64