Last updated on 2021-11-01 00:49:38 CET.
Flavor | Version | Tinstall | Tcheck | Ttotal | Status | Flags |
---|---|---|---|---|---|---|
r-devel-linux-x86_64-debian-clang | 0.4.0 | 17.45 | 183.13 | 200.58 | OK | |
r-devel-linux-x86_64-debian-gcc | 0.4.0 | 13.43 | 136.91 | 150.34 | OK | |
r-devel-linux-x86_64-fedora-clang | 0.4.0 | 244.62 | NOTE | |||
r-devel-linux-x86_64-fedora-gcc | 0.4.0 | 244.64 | NOTE | |||
r-devel-windows-x86_64 | 0.4.0 | 26.00 | 223.00 | 249.00 | OK | |
r-devel-windows-x86_64-gcc10-UCRT | 0.4.0 | NOTE | ||||
r-patched-linux-x86_64 | 0.4.0 | 16.45 | 187.12 | 203.57 | OK | |
r-patched-solaris-x86 | 0.4.0 | 351.60 | NOTE | |||
r-release-linux-x86_64 | 0.4.0 | 14.15 | 182.87 | 197.02 | OK | |
r-release-macos-arm64 | 0.4.0 | NOTE | ||||
r-release-macos-x86_64 | 0.4.0 | NOTE | ||||
r-release-windows-ix86+x86_64 | 0.4.0 | 26.00 | 165.00 | 191.00 | OK | |
r-oldrel-macos-x86_64 | 0.4.0 | NOTE | ||||
r-oldrel-windows-ix86+x86_64 | 0.4.0 | 27.00 | 232.00 | 259.00 | OK |
Version: 0.4.0
Check: dependencies in R code
Result: NOTE
Namespaces in Imports field not imported from:
‘forcats’ ‘formula.tools’
All declared Imports should be used.
Flavors: r-devel-linux-x86_64-fedora-clang, r-devel-linux-x86_64-fedora-gcc, r-devel-windows-x86_64-gcc10-UCRT, r-patched-solaris-x86, r-release-macos-arm64, r-release-macos-x86_64, r-oldrel-macos-x86_64