Last updated on 2021-11-01 00:49:38 CET.
Flavor | Version | Tinstall | Tcheck | Ttotal | Status | Flags |
---|---|---|---|---|---|---|
r-devel-linux-x86_64-debian-clang | 0.3.1 | 27.36 | 203.03 | 230.39 | OK | |
r-devel-linux-x86_64-debian-gcc | 0.3.1 | 22.63 | 146.23 | 168.86 | OK | |
r-devel-linux-x86_64-fedora-clang | 0.3.1 | 293.40 | NOTE | |||
r-devel-linux-x86_64-fedora-gcc | 0.3.1 | 280.09 | OK | |||
r-devel-windows-x86_64 | 0.3.1 | 43.00 | 264.00 | 307.00 | OK | |
r-devel-windows-x86_64-gcc10-UCRT | 0.3.1 | OK | ||||
r-patched-linux-x86_64 | 0.3.1 | 28.63 | 198.15 | 226.78 | OK | |
r-patched-solaris-x86 | 0.3.1 | 289.70 | OK | |||
r-release-linux-x86_64 | 0.3.1 | 26.08 | 196.20 | 222.28 | OK | |
r-release-macos-arm64 | 0.3.1 | OK | ||||
r-release-macos-x86_64 | 0.3.1 | OK | ||||
r-release-windows-ix86+x86_64 | 0.3.1 | 53.00 | 327.00 | 380.00 | OK | |
r-oldrel-macos-x86_64 | 0.3.1 | OK | ||||
r-oldrel-windows-ix86+x86_64 | 0.3.1 | 55.00 | 320.00 | 375.00 | OK |
Version: 0.3.1
Check: Rd cross-references
Result: NOTE
Undeclared package ‘lmtest’ in Rd xrefs
Flavor: r-devel-linux-x86_64-fedora-clang