CRAN Package Check Results for Package excursions

Last updated on 2021-11-01 00:49:37 CET.

Flavor Version Tinstall Tcheck Ttotal Status Flags
r-devel-linux-x86_64-debian-clang 2.5.2 19.71 98.37 118.08 NOTE
r-devel-linux-x86_64-debian-gcc 2.5.2 16.02 74.38 90.40 NOTE
r-devel-linux-x86_64-fedora-clang 2.5.2 155.06 OK
r-devel-linux-x86_64-fedora-gcc 2.5.2 138.05 OK
r-devel-windows-x86_64 2.5.2 36.00 128.00 164.00 OK
r-devel-windows-x86_64-gcc10-UCRT 2.5.2 NOTE
r-patched-linux-x86_64 2.5.2 19.60 94.53 114.13 NOTE
r-patched-solaris-x86 2.5.2 192.80 NOTE
r-release-linux-x86_64 2.5.2 18.35 95.91 114.26 NOTE
r-release-macos-arm64 2.5.2 NOTE
r-release-macos-x86_64 2.5.2 NOTE
r-release-windows-ix86+x86_64 2.5.2 37.00 117.00 154.00 OK
r-oldrel-macos-x86_64 2.5.2 NOTE
r-oldrel-windows-ix86+x86_64 2.5.2 40.00 164.00 204.00 OK

Check Details

Version: 2.5.2
Check: package dependencies
Result: NOTE
    Package suggested but not available for checking: 'INLA'
Flavors: r-devel-linux-x86_64-debian-clang, r-devel-linux-x86_64-debian-gcc, r-devel-windows-x86_64-gcc10-UCRT, r-patched-linux-x86_64, r-patched-solaris-x86, r-release-linux-x86_64, r-release-macos-arm64, r-release-macos-x86_64, r-oldrel-macos-x86_64