CRAN Package Check Results for Package exceedProb

Last updated on 2021-11-01 00:49:37 CET.

Flavor Version Tinstall Tcheck Ttotal Status Flags
r-devel-linux-x86_64-debian-clang 0.0.1 27.07 24.16 51.23 NOTE
r-devel-linux-x86_64-debian-gcc 0.0.1 22.50 19.46 41.96 NOTE
r-devel-linux-x86_64-fedora-clang 0.0.1 86.64 NOTE
r-devel-linux-x86_64-fedora-gcc 0.0.1 71.57 NOTE
r-devel-windows-x86_64 0.0.1 39.00 54.00 93.00 NOTE
r-devel-windows-x86_64-gcc10-UCRT 0.0.1 NOTE
r-patched-linux-x86_64 0.0.1 24.16 23.81 47.97 NOTE
r-patched-solaris-x86 0.0.1 79.80 NOTE
r-release-linux-x86_64 0.0.1 27.18 23.97 51.15 NOTE
r-release-macos-arm64 0.0.1 NOTE
r-release-macos-x86_64 0.0.1 NOTE
r-release-windows-ix86+x86_64 0.0.1 53.00 56.00 109.00 NOTE
r-oldrel-macos-x86_64 0.0.1 OK
r-oldrel-windows-ix86+x86_64 0.0.1 59.00 64.00 123.00 OK

Check Details

Version: 0.0.1
Check: LazyData
Result: NOTE
     'LazyData' is specified without a 'data' directory
Flavors: r-devel-linux-x86_64-debian-clang, r-devel-linux-x86_64-debian-gcc, r-devel-linux-x86_64-fedora-clang, r-devel-linux-x86_64-fedora-gcc, r-devel-windows-x86_64, r-devel-windows-x86_64-gcc10-UCRT, r-patched-linux-x86_64, r-patched-solaris-x86, r-release-linux-x86_64, r-release-macos-arm64, r-release-macos-x86_64, r-release-windows-ix86+x86_64