Last updated on 2021-11-01 00:49:37 CET.
Flavor | Version | Tinstall | Tcheck | Ttotal | Status | Flags |
---|---|---|---|---|---|---|
r-devel-linux-x86_64-debian-clang | 1.1-3 | 2.68 | 25.90 | 28.58 | NOTE | |
r-devel-linux-x86_64-debian-gcc | 1.1-3 | 2.25 | 20.93 | 23.18 | NOTE | |
r-devel-linux-x86_64-fedora-clang | 1.1-3 | 46.55 | NOTE | |||
r-devel-linux-x86_64-fedora-gcc | 1.1-3 | 35.41 | NOTE | |||
r-devel-windows-x86_64 | 1.1-3 | 5.00 | 45.00 | 50.00 | NOTE | |
r-devel-windows-x86_64-gcc10-UCRT | 1.1-3 | NOTE | ||||
r-patched-linux-x86_64 | 1.1-3 | 2.80 | 25.51 | 28.31 | NOTE | |
r-patched-solaris-x86 | 1.1-3 | 54.30 | NOTE | |||
r-release-linux-x86_64 | 1.1-3 | 2.60 | 25.30 | 27.90 | NOTE | |
r-release-macos-arm64 | 1.1-3 | NOTE | ||||
r-release-macos-x86_64 | 1.1-3 | NOTE | ||||
r-release-windows-ix86+x86_64 | 1.1-3 | 4.00 | 36.00 | 40.00 | NOTE | |
r-oldrel-macos-x86_64 | 1.1-3 | NOTE | ||||
r-oldrel-windows-ix86+x86_64 | 1.1-3 | 5.00 | 45.00 | 50.00 | NOTE |
Version: 1.1-3
Check: dependencies in R code
Result: NOTE
Package in Depends field not imported from: 'evd'
These packages need to be imported from (in the NAMESPACE file)
for when this namespace is loaded but not attached.
Flavors: r-devel-linux-x86_64-debian-clang, r-devel-linux-x86_64-debian-gcc, r-devel-linux-x86_64-fedora-clang, r-devel-linux-x86_64-fedora-gcc, r-devel-windows-x86_64, r-devel-windows-x86_64-gcc10-UCRT, r-patched-linux-x86_64, r-patched-solaris-x86, r-release-linux-x86_64, r-release-macos-arm64, r-release-macos-x86_64, r-release-windows-ix86+x86_64, r-oldrel-macos-x86_64, r-oldrel-windows-ix86+x86_64
Version: 1.1-3
Check: R code for possible problems
Result: NOTE
DPOT: no visible global function definition for 'optim'
mop.rho: no visible global function definition for 'median'
Undefined global functions or variables:
median optim
Consider adding
importFrom("stats", "median", "optim")
to your NAMESPACE file.
Flavors: r-devel-linux-x86_64-debian-clang, r-devel-linux-x86_64-debian-gcc, r-devel-linux-x86_64-fedora-clang, r-devel-linux-x86_64-fedora-gcc, r-devel-windows-x86_64, r-devel-windows-x86_64-gcc10-UCRT, r-patched-linux-x86_64, r-patched-solaris-x86, r-release-linux-x86_64, r-release-macos-arm64, r-release-macos-x86_64, r-release-windows-ix86+x86_64, r-oldrel-macos-x86_64, r-oldrel-windows-ix86+x86_64