CRAN Package Check Results for Package eulerr

Last updated on 2021-11-01 00:49:37 CET.

Flavor Version Tinstall Tcheck Ttotal Status Flags
r-devel-linux-x86_64-debian-clang 6.1.1 72.64 69.54 142.18 OK
r-devel-linux-x86_64-debian-gcc 6.1.1 50.59 53.19 103.78 OK
r-devel-linux-x86_64-fedora-clang 6.1.1 201.55 OK
r-devel-linux-x86_64-fedora-gcc 6.1.1 179.66 OK
r-devel-windows-x86_64 6.1.1 96.00 113.00 209.00 OK
r-devel-windows-x86_64-gcc10-UCRT 6.1.1 OK
r-patched-linux-x86_64 6.1.1 64.03 71.63 135.66 OK
r-patched-solaris-x86 6.1.1 181.70 OK
r-release-linux-x86_64 6.1.1 60.04 72.67 132.71 OK
r-release-macos-arm64 6.1.1 NOTE
r-release-macos-x86_64 6.1.1 NOTE
r-release-windows-ix86+x86_64 6.1.1 121.00 108.00 229.00 OK
r-oldrel-macos-x86_64 6.1.1 NOTE
r-oldrel-windows-ix86+x86_64 6.1.1 132.00 134.00 266.00 OK

Check Details

Version: 6.1.1
Check: installed package size
Result: NOTE
     installed size is 5.7Mb
     sub-directories of 1Mb or more:
     doc 1.1Mb
     libs 3.7Mb
Flavors: r-release-macos-arm64, r-release-macos-x86_64, r-oldrel-macos-x86_64