CRAN Package Check Results for Package etrader

Last updated on 2021-11-01 00:49:37 CET.

Flavor Version Tinstall Tcheck Ttotal Status Flags
r-devel-linux-x86_64-debian-clang 0.1.3 2.67 23.54 26.21 NOTE
r-devel-linux-x86_64-debian-gcc 0.1.3 2.11 19.05 21.16 NOTE
r-devel-linux-x86_64-fedora-clang 0.1.3 43.67 NOTE
r-devel-linux-x86_64-fedora-gcc 0.1.3 32.70 NOTE
r-devel-windows-x86_64 0.1.3 5.00 42.00 47.00 NOTE
r-devel-windows-x86_64-gcc10-UCRT 0.1.3 NOTE
r-patched-linux-x86_64 0.1.3 3.38 23.54 26.92 NOTE
r-patched-solaris-x86 0.1.3 49.90 NOTE
r-release-linux-x86_64 0.1.3 2.65 23.93 26.58 NOTE
r-release-macos-arm64 0.1.3 NOTE
r-release-macos-x86_64 0.1.3 NOTE
r-release-windows-ix86+x86_64 0.1.3 4.00 27.00 31.00 NOTE
r-oldrel-macos-x86_64 0.1.3 OK
r-oldrel-windows-ix86+x86_64 0.1.3 6.00 44.00 50.00 OK

Check Details

Version: 0.1.3
Check: LazyData
Result: NOTE
     'LazyData' is specified without a 'data' directory
Flavors: r-devel-linux-x86_64-debian-clang, r-devel-linux-x86_64-debian-gcc, r-devel-linux-x86_64-fedora-clang, r-devel-linux-x86_64-fedora-gcc, r-devel-windows-x86_64, r-devel-windows-x86_64-gcc10-UCRT, r-patched-linux-x86_64, r-patched-solaris-x86, r-release-linux-x86_64, r-release-macos-arm64, r-release-macos-x86_64, r-release-windows-ix86+x86_64