Last updated on 2021-11-01 00:49:37 CET.
Flavor | Version | Tinstall | Tcheck | Ttotal | Status | Flags |
---|---|---|---|---|---|---|
r-devel-linux-x86_64-debian-clang | 1.2.1 | 2.75 | 26.61 | 29.36 | NOTE | |
r-devel-linux-x86_64-debian-gcc | 1.2.1 | 2.12 | 21.35 | 23.47 | NOTE | |
r-devel-linux-x86_64-fedora-clang | 1.2.1 | 47.17 | NOTE | |||
r-devel-linux-x86_64-fedora-gcc | 1.2.1 | 36.79 | NOTE | |||
r-devel-windows-x86_64 | 1.2.1 | 5.00 | 49.00 | 54.00 | NOTE | |
r-devel-windows-x86_64-gcc10-UCRT | 1.2.1 | NOTE | ||||
r-patched-linux-x86_64 | 1.2.1 | 2.87 | 26.24 | 29.11 | NOTE | |
r-patched-solaris-x86 | 1.2.1 | 56.90 | NOTE | |||
r-release-linux-x86_64 | 1.2.1 | 2.65 | 26.21 | 28.86 | NOTE | |
r-release-macos-arm64 | 1.2.1 | NOTE | ||||
r-release-macos-x86_64 | 1.2.1 | NOTE | ||||
r-release-windows-ix86+x86_64 | 1.2.1 | 5.00 | 38.00 | 43.00 | NOTE | |
r-oldrel-macos-x86_64 | 1.2.1 | NOTE | ||||
r-oldrel-windows-ix86+x86_64 | 1.2.1 | 4.00 | 45.00 | 49.00 | NOTE |
Version: 1.2.1
Check: R code for possible problems
Result: NOTE
ESA: no visible binding for global variable 'var'
plot.esabcv: no visible global function definition for 'points'
plot.esabcv: no visible global function definition for 'axis'
plot.esabcv: no visible global function definition for 'title'
Undefined global functions or variables:
axis points title var
Consider adding
importFrom("graphics", "axis", "points", "title")
importFrom("stats", "var")
to your NAMESPACE file.
Flavors: r-devel-linux-x86_64-debian-clang, r-devel-linux-x86_64-debian-gcc, r-devel-linux-x86_64-fedora-clang, r-devel-linux-x86_64-fedora-gcc, r-devel-windows-x86_64, r-devel-windows-x86_64-gcc10-UCRT, r-patched-linux-x86_64, r-patched-solaris-x86, r-release-linux-x86_64, r-release-macos-arm64, r-release-macos-x86_64, r-release-windows-ix86+x86_64, r-oldrel-macos-x86_64, r-oldrel-windows-ix86+x86_64