Last updated on 2021-11-01 00:49:37 CET.
Flavor | Version | Tinstall | Tcheck | Ttotal | Status | Flags |
---|---|---|---|---|---|---|
r-devel-linux-x86_64-debian-clang | 0.3.0 | 3.65 | 63.17 | 66.82 | OK | |
r-devel-linux-x86_64-debian-gcc | 0.3.0 | 2.89 | 47.51 | 50.40 | OK | |
r-devel-linux-x86_64-fedora-clang | 0.3.0 | 89.35 | NOTE | |||
r-devel-linux-x86_64-fedora-gcc | 0.3.0 | 77.87 | NOTE | |||
r-devel-windows-x86_64 | 0.3.0 | 6.00 | 89.00 | 95.00 | OK | |
r-devel-windows-x86_64-gcc10-UCRT | 0.3.0 | NOTE | ||||
r-patched-linux-x86_64 | 0.3.0 | 4.09 | 61.57 | 65.66 | OK | |
r-patched-solaris-x86 | 0.3.0 | 79.80 | NOTE | |||
r-release-linux-x86_64 | 0.3.0 | 3.65 | 62.39 | 66.04 | OK | |
r-release-macos-arm64 | 0.3.0 | NOTE | ||||
r-release-macos-x86_64 | 0.3.0 | NOTE | ||||
r-release-windows-ix86+x86_64 | 0.3.0 | 6.00 | 65.00 | 71.00 | OK | |
r-oldrel-macos-x86_64 | 0.3.0 | NOTE | ||||
r-oldrel-windows-ix86+x86_64 | 0.3.0 | 5.00 | 89.00 | 94.00 | OK |
Version: 0.3.0
Check: dependencies in R code
Result: NOTE
Namespace in Imports field not imported from: ‘knitr’
All declared Imports should be used.
Flavors: r-devel-linux-x86_64-fedora-clang, r-devel-linux-x86_64-fedora-gcc, r-devel-windows-x86_64-gcc10-UCRT, r-patched-solaris-x86, r-release-macos-arm64, r-release-macos-x86_64, r-oldrel-macos-x86_64