Last updated on 2021-11-01 00:49:37 CET.
Flavor | Version | Tinstall | Tcheck | Ttotal | Status | Flags |
---|---|---|---|---|---|---|
r-devel-linux-x86_64-debian-clang | 0.3.6 | 2.20 | 20.23 | 22.43 | NOTE | |
r-devel-linux-x86_64-debian-gcc | 0.3.6 | 1.56 | 16.12 | 17.68 | NOTE | |
r-devel-linux-x86_64-fedora-clang | 0.3.6 | 38.88 | NOTE | |||
r-devel-linux-x86_64-fedora-gcc | 0.3.6 | 27.61 | NOTE | |||
r-devel-windows-x86_64 | 0.3.6 | 4.00 | 38.00 | 42.00 | NOTE | |
r-devel-windows-x86_64-gcc10-UCRT | 0.3.6 | NOTE | ||||
r-patched-linux-x86_64 | 0.3.6 | 2.21 | 19.74 | 21.95 | NOTE | |
r-patched-solaris-x86 | 0.3.6 | 43.20 | NOTE | |||
r-release-linux-x86_64 | 0.3.6 | 1.92 | 19.72 | 21.64 | NOTE | |
r-release-macos-arm64 | 0.3.6 | NOTE | ||||
r-release-macos-x86_64 | 0.3.6 | NOTE | ||||
r-release-windows-ix86+x86_64 | 0.3.6 | 4.00 | 29.00 | 33.00 | NOTE | |
r-oldrel-macos-x86_64 | 0.3.6 | OK | ||||
r-oldrel-windows-ix86+x86_64 | 0.3.6 | 5.00 | 39.00 | 44.00 | OK |
Version: 0.3.6
Check: LazyData
Result: NOTE
'LazyData' is specified without a 'data' directory
Flavors: r-devel-linux-x86_64-debian-clang, r-devel-linux-x86_64-debian-gcc, r-devel-linux-x86_64-fedora-clang, r-devel-linux-x86_64-fedora-gcc, r-devel-windows-x86_64, r-devel-windows-x86_64-gcc10-UCRT, r-patched-linux-x86_64, r-patched-solaris-x86, r-release-linux-x86_64, r-release-macos-arm64, r-release-macos-x86_64, r-release-windows-ix86+x86_64