Last updated on 2021-11-01 00:49:37 CET.
Flavor | Version | Tinstall | Tcheck | Ttotal | Status | Flags |
---|---|---|---|---|---|---|
r-devel-linux-x86_64-debian-clang | 0.2 | 10.99 | 103.99 | 114.98 | OK | |
r-devel-linux-x86_64-debian-gcc | 0.2 | 9.37 | 77.63 | 87.00 | OK | |
r-devel-linux-x86_64-fedora-clang | 0.2 | 148.29 | OK | |||
r-devel-linux-x86_64-fedora-gcc | 0.2 | 134.58 | OK | |||
r-devel-windows-x86_64 | 0.2 | 19.00 | 122.00 | 141.00 | OK | |
r-devel-windows-x86_64-gcc10-UCRT | 0.2 | OK | ||||
r-patched-linux-x86_64 | 0.2 | 10.70 | 97.38 | 108.08 | OK | |
r-patched-solaris-x86 | 0.2 | 200.80 | OK | |||
r-release-linux-x86_64 | 0.2 | 10.15 | 98.77 | 108.92 | OK | |
r-release-macos-arm64 | 0.2 | OK | ||||
r-release-macos-x86_64 | 0.2 | OK | ||||
r-release-windows-ix86+x86_64 | 0.2 | 21.00 | 97.00 | 118.00 | OK | |
r-oldrel-macos-x86_64 | 0.2 | OK | ||||
r-oldrel-windows-ix86+x86_64 | 0.2 | 4.00 | 10.00 | 14.00 | ERROR |
Version: 0.2
Check: whether package can be installed
Result: ERROR
Installation failed.
Flavor: r-oldrel-windows-ix86+x86_64