CRAN Package Check Results for Package einsum

Last updated on 2021-11-01 00:49:37 CET.

Flavor Version Tinstall Tcheck Ttotal Status Flags
r-devel-linux-x86_64-debian-clang 0.1.0 17.55 158.47 176.02 OK
r-devel-linux-x86_64-debian-gcc 0.1.0 13.80 102.03 115.83 OK
r-devel-linux-x86_64-fedora-clang 0.1.0 254.06 NOTE
r-devel-linux-x86_64-fedora-gcc 0.1.0 208.16 NOTE
r-devel-windows-x86_64 0.1.0 26.00 196.00 222.00 OK
r-devel-windows-x86_64-gcc10-UCRT 0.1.0 NOTE
r-patched-linux-x86_64 0.1.0 15.13 140.40 155.53 OK
r-patched-solaris-x86 0.1.0 319.90 NOTE
r-release-linux-x86_64 0.1.0 15.34 140.94 156.28 OK
r-release-macos-arm64 0.1.0 NOTE
r-release-macos-x86_64 0.1.0 NOTE
r-release-windows-ix86+x86_64 0.1.0 40.00 259.00 299.00 OK
r-oldrel-macos-x86_64 0.1.0 NOTE
r-oldrel-windows-ix86+x86_64 0.1.0 39.00 353.00 392.00 OK

Check Details

Version: 0.1.0
Check: dependencies in R code
Result: NOTE
    Namespace in Imports field not imported from: ‘mathjaxr’
     All declared Imports should be used.
Flavors: r-devel-linux-x86_64-fedora-clang, r-devel-linux-x86_64-fedora-gcc, r-devel-windows-x86_64-gcc10-UCRT, r-patched-solaris-x86, r-release-macos-arm64, r-release-macos-x86_64, r-oldrel-macos-x86_64