CRAN Package Check Results for Package eimpute

Last updated on 2021-11-01 00:49:37 CET.

Flavor Version Tinstall Tcheck Ttotal Status Flags
r-devel-linux-x86_64-debian-clang 0.1.1 116.74 30.60 147.34 NOTE
r-devel-linux-x86_64-debian-gcc 0.1.1 107.42 28.18 135.60 NOTE
r-devel-linux-x86_64-fedora-clang 0.1.1 250.15 NOTE
r-devel-linux-x86_64-fedora-gcc 0.1.1 246.51 NOTE
r-devel-windows-x86_64 0.1.1 121.00 67.00 188.00 NOTE
r-devel-windows-x86_64-gcc10-UCRT 0.1.1 NOTE
r-patched-linux-x86_64 0.1.1 124.10 32.69 156.79 NOTE
r-patched-solaris-x86 0.1.1 193.30 NOTE
r-release-linux-x86_64 0.1.1 126.52 33.22 159.74 NOTE
r-release-macos-arm64 0.1.1 NOTE
r-release-macos-x86_64 0.1.1 NOTE
r-release-windows-ix86+x86_64 0.1.1 170.00 61.00 231.00 NOTE
r-oldrel-macos-x86_64 0.1.1 NOTE
r-oldrel-windows-ix86+x86_64 0.1.1 172.00 77.00 249.00 OK

Check Details

Version: 0.1.1
Check: LazyData
Result: NOTE
     'LazyData' is specified without a 'data' directory
Flavors: r-devel-linux-x86_64-debian-clang, r-devel-linux-x86_64-debian-gcc, r-devel-linux-x86_64-fedora-clang, r-devel-linux-x86_64-fedora-gcc, r-devel-windows-x86_64, r-devel-windows-x86_64-gcc10-UCRT, r-patched-linux-x86_64, r-patched-solaris-x86, r-release-linux-x86_64, r-release-macos-arm64, r-release-macos-x86_64, r-release-windows-ix86+x86_64

Version: 0.1.1
Check: installed package size
Result: NOTE
     installed size is 41.4Mb
     sub-directories of 1Mb or more:
     libs 40.4Mb
Flavors: r-devel-linux-x86_64-fedora-clang, r-release-macos-arm64, r-release-macos-x86_64, r-oldrel-macos-x86_64