CRAN Package Check Results for Package eicm

Last updated on 2021-11-01 00:49:37 CET.

Flavor Version Tinstall Tcheck Ttotal Status Flags
r-devel-linux-x86_64-debian-clang 1.0.1 9.82 199.53 209.35 OK
r-devel-linux-x86_64-debian-gcc 1.0.1 6.99 145.45 152.44 OK
r-devel-linux-x86_64-fedora-clang 1.0.1 259.35 NOTE
r-devel-linux-x86_64-fedora-gcc 1.0.1 255.17 NOTE
r-devel-windows-x86_64 1.0.1 17.00 331.00 348.00 OK
r-devel-windows-x86_64-gcc10-UCRT 1.0.1 NOTE
r-patched-linux-x86_64 1.0.1 8.50 191.47 199.97 OK
r-patched-solaris-x86 1.0.1 125.70 NOTE
r-release-linux-x86_64 1.0.1 8.43 195.31 203.74 OK
r-release-macos-arm64 1.0.1 NOTE
r-release-macos-x86_64 1.0.1 NOTE
r-release-windows-ix86+x86_64 1.0.1 20.00 290.00 310.00 OK
r-oldrel-macos-x86_64 1.0.1 NOTE
r-oldrel-windows-ix86+x86_64 1.0.1 18.00 343.00 361.00 OK

Check Details

Version: 1.0.1
Check: dependencies in R code
Result: NOTE
    Namespace in Imports field not imported from: ‘snow’
     All declared Imports should be used.
Flavors: r-devel-linux-x86_64-fedora-clang, r-devel-linux-x86_64-fedora-gcc, r-devel-windows-x86_64-gcc10-UCRT, r-patched-solaris-x86, r-release-macos-arm64, r-release-macos-x86_64, r-oldrel-macos-x86_64