CRAN Package Check Results for Package edina

Last updated on 2021-11-01 00:49:37 CET.

Flavor Version Tinstall Tcheck Ttotal Status Flags
r-devel-linux-x86_64-debian-clang 0.1.1 40.46 52.89 93.35 NOTE
r-devel-linux-x86_64-debian-gcc 0.1.1 30.12 39.61 69.73 NOTE
r-devel-linux-x86_64-fedora-clang 0.1.1 138.10 NOTE
r-devel-linux-x86_64-fedora-gcc 0.1.1 116.28 NOTE
r-devel-windows-x86_64 0.1.1 52.00 82.00 134.00 NOTE
r-devel-windows-x86_64-gcc10-UCRT 0.1.1 NOTE
r-patched-linux-x86_64 0.1.1 34.09 49.10 83.19 NOTE
r-patched-solaris-x86 0.1.1 134.90 NOTE
r-release-linux-x86_64 0.1.1 35.46 50.00 85.46 NOTE
r-release-macos-arm64 0.1.1 NOTE
r-release-macos-x86_64 0.1.1 NOTE
r-release-windows-ix86+x86_64 0.1.1 72.00 83.00 155.00 NOTE
r-oldrel-macos-x86_64 0.1.1 OK
r-oldrel-windows-ix86+x86_64 0.1.1 74.00 114.00 188.00 OK

Check Details

Version: 0.1.1
Check: LazyData
Result: NOTE
     'LazyData' is specified without a 'data' directory
Flavors: r-devel-linux-x86_64-debian-clang, r-devel-linux-x86_64-debian-gcc, r-devel-linux-x86_64-fedora-clang, r-devel-linux-x86_64-fedora-gcc, r-devel-windows-x86_64, r-devel-windows-x86_64-gcc10-UCRT, r-patched-linux-x86_64, r-patched-solaris-x86, r-release-linux-x86_64, r-release-macos-arm64, r-release-macos-x86_64, r-release-windows-ix86+x86_64