Last updated on 2021-11-01 00:49:37 CET.
Flavor | Version | Tinstall | Tcheck | Ttotal | Status | Flags |
---|---|---|---|---|---|---|
r-devel-linux-x86_64-debian-clang | 2.1.0 | 14.88 | 88.24 | 103.12 | NOTE | |
r-devel-linux-x86_64-debian-gcc | 2.1.0 | 9.37 | 66.61 | 75.98 | NOTE | |
r-devel-linux-x86_64-fedora-clang | 2.1.0 | 135.48 | NOTE | |||
r-devel-linux-x86_64-fedora-gcc | 2.1.0 | 121.91 | NOTE | |||
r-devel-windows-x86_64 | 2.1.0 | 24.00 | 109.00 | 133.00 | NOTE | |
r-devel-windows-x86_64-gcc10-UCRT | 2.1.0 | NOTE | ||||
r-patched-linux-x86_64 | 2.1.0 | 14.76 | 84.46 | 99.22 | NOTE | |
r-patched-solaris-x86 | 2.1.0 | 164.60 | NOTE | |||
r-release-linux-x86_64 | 2.1.0 | 12.91 | 84.47 | 97.38 | NOTE | |
r-release-macos-arm64 | 2.1.0 | NOTE | ||||
r-release-macos-x86_64 | 2.1.0 | NOTE | ||||
r-release-windows-ix86+x86_64 | 2.1.0 | 26.00 | 104.00 | 130.00 | NOTE | |
r-oldrel-macos-x86_64 | 2.1.0 | OK | ||||
r-oldrel-windows-ix86+x86_64 | 2.1.0 | 28.00 | 135.00 | 163.00 | OK |
Version: 2.1.0
Check: LazyData
Result: NOTE
'LazyData' is specified without a 'data' directory
Flavors: r-devel-linux-x86_64-debian-clang, r-devel-linux-x86_64-debian-gcc, r-devel-linux-x86_64-fedora-clang, r-devel-linux-x86_64-fedora-gcc, r-devel-windows-x86_64, r-devel-windows-x86_64-gcc10-UCRT, r-patched-linux-x86_64, r-patched-solaris-x86, r-release-linux-x86_64, r-release-macos-arm64, r-release-macos-x86_64, r-release-windows-ix86+x86_64