Last updated on 2021-11-01 00:49:37 CET.
Flavor | Version | Tinstall | Tcheck | Ttotal | Status | Flags |
---|---|---|---|---|---|---|
r-devel-linux-x86_64-debian-clang | 1.2.7 | 15.12 | 76.98 | 92.10 | OK | |
r-devel-linux-x86_64-debian-gcc | 1.2.7 | 11.79 | 57.16 | 68.95 | OK | |
r-devel-linux-x86_64-fedora-clang | 1.2.7 | 122.73 | NOTE | |||
r-devel-linux-x86_64-fedora-gcc | 1.2.7 | 110.76 | NOTE | |||
r-devel-windows-x86_64 | 1.2.7 | 23.00 | 89.00 | 112.00 | OK | |
r-devel-windows-x86_64-gcc10-UCRT | 1.2.7 | NOTE | ||||
r-patched-linux-x86_64 | 1.2.7 | 17.40 | 75.69 | 93.09 | OK | |
r-patched-solaris-x86 | 1.2.7 | 131.40 | NOTE | |||
r-release-linux-x86_64 | 1.2.7 | 14.88 | 74.89 | 89.77 | OK | |
r-release-macos-arm64 | 1.2.7 | NOTE | ||||
r-release-macos-x86_64 | 1.2.7 | NOTE | ||||
r-release-windows-ix86+x86_64 | 1.2.7 | 25.00 | 65.00 | 90.00 | OK | |
r-oldrel-macos-x86_64 | 1.2.7 | NOTE | ||||
r-oldrel-windows-ix86+x86_64 | 1.2.7 | 19.00 | 96.00 | 115.00 | OK |
Version: 1.2.7
Check: data for non-ASCII characters
Result: NOTE
Note: found 5 marked UTF-8 strings
Flavors: r-devel-linux-x86_64-fedora-clang, r-devel-linux-x86_64-fedora-gcc, r-devel-windows-x86_64-gcc10-UCRT, r-patched-solaris-x86, r-release-macos-arm64, r-release-macos-x86_64, r-oldrel-macos-x86_64